Last updated on 2025-05-08 18:51:41 CEST.
Flavor | Version | Tinstall | Tcheck | Ttotal | Status | Flags |
---|---|---|---|---|---|---|
r-devel-linux-x86_64-debian-clang | 1.1 | 12.96 | 48.89 | 61.85 | NOTE | |
r-devel-linux-x86_64-debian-gcc | 1.1 | 9.78 | 36.66 | 46.44 | NOTE | |
r-devel-linux-x86_64-fedora-clang | 1.1 | 91.81 | NOTE | |||
r-devel-linux-x86_64-fedora-gcc | 1.1 | 108.10 | NOTE | |||
r-devel-windows-x86_64 | 1.1 | 19.00 | 95.00 | 114.00 | NOTE | |
r-patched-linux-x86_64 | 1.1 | 14.39 | 48.43 | 62.82 | NOTE | |
r-release-linux-x86_64 | 1.1 | 13.35 | 48.45 | 61.80 | NOTE | |
r-release-macos-arm64 | 1.1 | 30.00 | NOTE | |||
r-release-macos-x86_64 | 1.1 | 48.00 | NOTE | |||
r-release-windows-x86_64 | 1.1 | 20.00 | 116.00 | 136.00 | NOTE | |
r-oldrel-macos-arm64 | 1.1 | 29.00 | NOTE | |||
r-oldrel-macos-x86_64 | 1.1 | 50.00 | NOTE | |||
r-oldrel-windows-x86_64 | 1.1 | 21.00 | 106.00 | 127.00 | NOTE |
Version: 1.1
Check: CRAN incoming feasibility
Result: NOTE
Maintainer: ‘Zach DeBruine <zacharydebruine@gmail.com>’
No Authors@R field in DESCRIPTION.
Please add one, modifying
Authors@R: person(given = "Zach",
family = "DeBruine",
role = c("aut", "cre"),
email = "zacharydebruine@gmail.com")
as necessary.
Flavors: r-devel-linux-x86_64-debian-clang, r-devel-linux-x86_64-debian-gcc
Version: 1.1
Check: C++ specification
Result: NOTE
Specified C++11: please drop specification unless essential
Flavors: r-devel-linux-x86_64-debian-clang, r-devel-linux-x86_64-debian-gcc, r-devel-linux-x86_64-fedora-clang, r-devel-linux-x86_64-fedora-gcc, r-devel-windows-x86_64, r-patched-linux-x86_64, r-release-linux-x86_64, r-release-macos-arm64, r-release-macos-x86_64, r-release-windows-x86_64, r-oldrel-macos-arm64, r-oldrel-macos-x86_64, r-oldrel-windows-x86_64