CRAN Package Check Results for Package RcppProgress

Last updated on 2025-05-08 18:51:41 CEST.

Flavor Version Tinstall Tcheck Ttotal Status Flags
r-devel-linux-x86_64-debian-clang 0.4.2 1.11 106.50 107.61 NOTE
r-devel-linux-x86_64-debian-gcc 0.4.2 1.07 74.78 75.85 NOTE
r-devel-linux-x86_64-fedora-clang 0.4.2 183.97 OK
r-devel-linux-x86_64-fedora-gcc 0.4.2 175.26 OK
r-devel-windows-x86_64 0.4.2 3.00 141.00 144.00 OK
r-patched-linux-x86_64 0.4.2 1.36 99.22 100.58 OK
r-release-linux-x86_64 0.4.2 1.11 98.99 100.10 OK
r-release-macos-arm64 0.4.2 84.00 OK
r-release-macos-x86_64 0.4.2 127.00 OK
r-release-windows-x86_64 0.4.2 3.00 142.00 145.00 OK
r-oldrel-macos-arm64 0.4.2 81.00 OK
r-oldrel-macos-x86_64 0.4.2 95.00 OK
r-oldrel-windows-x86_64 0.4.2 2.00 141.00 143.00 OK

Check Details

Version: 0.4.2
Check: CRAN incoming feasibility
Result: NOTE Maintainer: ‘Karl Forner <karl.forner@gmail.com>’ No Authors@R field in DESCRIPTION. Please add one, modifying Authors@R: person(given = "Karl", family = "Forner", role = c("aut", "cre"), email = "karl.forner@gmail.com") as necessary. Flavors: r-devel-linux-x86_64-debian-clang, r-devel-linux-x86_64-debian-gcc

mirror server hosted at Truenetwork, Russian Federation.