CRAN Package Check Results for Package RegKink

Last updated on 2025-11-03 11:49:51 CET.

Flavor Version Tinstall Tcheck Ttotal Status Flags
r-devel-linux-x86_64-debian-clang 0.1.0 1.58 19.38 20.96 OK
r-devel-linux-x86_64-debian-gcc 0.1.0 1.37 15.86 17.23 OK
r-devel-linux-x86_64-fedora-clang 0.1.0 30.59 NOTE
r-devel-linux-x86_64-fedora-gcc 0.1.0 28.80 NOTE
r-devel-windows-x86_64 0.1.0 3.00 37.00 40.00 OK
r-patched-linux-x86_64 0.1.0 1.72 18.29 20.01 OK
r-release-linux-x86_64 0.1.0 1.71 18.10 19.81 OK
r-release-macos-arm64 0.1.0 1.00 12.00 13.00 OK
r-release-macos-x86_64 0.1.0 1.00 22.00 23.00 OK
r-release-windows-x86_64 0.1.0 3.00 37.00 40.00 OK
r-oldrel-macos-arm64 0.1.0 1.00 11.00 12.00 OK
r-oldrel-macos-x86_64 0.1.0 1.00 17.00 18.00 OK
r-oldrel-windows-x86_64 0.1.0 3.00 41.00 44.00 OK

Check Details

Version: 0.1.0
Check: dependencies in R code
Result: NOTE Namespace in Imports field not imported from: ‘MASS’ All declared Imports should be used. Flavors: r-devel-linux-x86_64-fedora-clang, r-devel-linux-x86_64-fedora-gcc

mirror server hosted at Truenetwork, Russian Federation.