Last updated on 2025-11-24 11:50:18 CET.
| Flavor | Version | Tinstall | Tcheck | Ttotal | Status | Flags |
|---|---|---|---|---|---|---|
| r-devel-linux-x86_64-debian-clang | 1.0 | 1.72 | 23.54 | 25.26 | OK | |
| r-devel-linux-x86_64-debian-gcc | 1.0 | 1.32 | 19.45 | 20.77 | OK | |
| r-devel-linux-x86_64-fedora-clang | 1.0 | 39.62 | OK | |||
| r-devel-windows-x86_64 | 1.0 | 4.00 | 42.00 | 46.00 | OK | |
| r-patched-linux-x86_64 | 1.0 | 1.74 | 22.62 | 24.36 | OK | |
| r-release-linux-x86_64 | 1.0 | 1.29 | 22.42 | 23.71 | OK | |
| r-release-macos-arm64 | 1.0 | OK | ||||
| r-release-macos-x86_64 | 1.0 | 2.00 | 41.00 | 43.00 | OK | |
| r-release-windows-x86_64 | 1.0 | 4.00 | 42.00 | 46.00 | OK | |
| r-oldrel-macos-arm64 | 1.0 | NOTE | ||||
| r-oldrel-macos-x86_64 | 1.0 | 1.00 | 30.00 | 31.00 | NOTE | |
| r-oldrel-windows-x86_64 | 1.0 | 3.00 | 49.00 | 52.00 | NOTE |
Version: 1.0
Check: LazyData
Result: NOTE
'LazyData' is specified without a 'data' directory
Flavors: r-oldrel-macos-arm64, r-oldrel-macos-x86_64, r-oldrel-windows-x86_64