CRAN Package Check Results for Package Rmpi

Last updated on 2025-07-12 12:48:39 CEST.

Flavor Version Tinstall Tcheck Ttotal Status Flags
r-devel-linux-x86_64-debian-clang 0.7-3.3 6.86 39.60 46.46 OK
r-devel-linux-x86_64-debian-gcc 0.7-3.3 5.72 31.56 37.28 OK
r-devel-linux-x86_64-fedora-clang 0.7-3.3 74.88 OK
r-devel-linux-x86_64-fedora-gcc 0.7-3.3 71.76 OK
r-devel-windows-x86_64 0.7-3.3 88.00 59.00 147.00 OK
r-patched-linux-x86_64 0.7-3.3 7.92 37.61 45.53 OK
r-release-linux-x86_64 0.7-3.3 6.49 37.72 44.21 OK
r-release-macos-x86_64 0.7-3.3 51.00 ERROR
r-release-windows-x86_64 0.7-3.3 90.00 60.00 150.00 OK
r-oldrel-macos-x86_64 0.7-3.3 44.00 ERROR
r-oldrel-windows-x86_64 0.7-3.3 86.00 67.00 153.00 OK

Check Details

Version: 0.7-3.3
Check: whether package can be installed
Result: ERROR Installation failed. Flavors: r-release-macos-x86_64, r-oldrel-macos-x86_64

mirror server hosted at Truenetwork, Russian Federation.