CRAN Package Check Results for Package RobLoxBioC

Last updated on 2025-10-17 12:48:46 CEST.

Flavor Version Tinstall Tcheck Ttotal Status Flags
r-devel-linux-x86_64-debian-clang 1.2.3 2.14 2.14 ERROR
r-devel-linux-x86_64-debian-gcc 1.2.3 1.67 1.67 ERROR
r-devel-linux-x86_64-fedora-clang 1.2.3 2.53 ERROR
r-devel-linux-x86_64-fedora-gcc 1.2.3 2.46 ERROR
r-devel-windows-x86_64 1.2.3 34.00 233.00 267.00 OK
r-patched-linux-x86_64 1.2.3 29.86 266.18 296.04 OK
r-release-linux-x86_64 1.2.3 32.93 269.50 302.43 OK
r-release-macos-arm64 1.2.3 117.00 OK
r-release-macos-x86_64 1.2.3 262.00 OK
r-release-windows-x86_64 1.2.3 36.00 237.00 273.00 OK
r-oldrel-macos-arm64 1.2.3 125.00 NOTE
r-oldrel-macos-x86_64 1.2.3 264.00 NOTE
r-oldrel-windows-x86_64 1.2.3 49.00 312.00 361.00 OK

Check Details

Version: 1.2.3
Check: package dependencies
Result: ERROR Package required but not available: ‘beadarray’ Package suggested but not available for checking: ‘beadarrayExampleData’ See section ‘The DESCRIPTION file’ in the ‘Writing R Extensions’ manual. Flavors: r-devel-linux-x86_64-debian-clang, r-devel-linux-x86_64-debian-gcc

Version: 1.2.3
Check: package dependencies
Result: ERROR Package required but not available: ‘beadarray’ See section ‘The DESCRIPTION file’ in the ‘Writing R Extensions’ manual. Flavors: r-devel-linux-x86_64-fedora-clang, r-devel-linux-x86_64-fedora-gcc

Version: 1.2.3
Check: package dependencies
Result: NOTE Packages suggested but not available for checking: 'affydata', 'hgu95av2cdf', 'beadarrayExampleData', 'illuminaHumanv3.db' Flavor: r-oldrel-macos-arm64

Version: 1.2.3
Check: package dependencies
Result: NOTE Package suggested but not available for checking: ‘illuminaHumanv3.db’ Flavor: r-oldrel-macos-x86_64

mirror server hosted at Truenetwork, Russian Federation.