Last updated on 2025-05-29 00:48:32 CEST.
Flavor | Version | Tinstall | Tcheck | Ttotal | Status | Flags |
---|---|---|---|---|---|---|
r-devel-linux-x86_64-debian-clang | 2.3.4 | 6.75 | 55.45 | 62.20 | NOTE | |
r-devel-linux-x86_64-debian-gcc | 2.3.4 | 5.23 | 43.16 | 48.39 | NOTE | |
r-devel-linux-x86_64-fedora-clang | 2.3.4 | 99.68 | OK | |||
r-devel-linux-x86_64-fedora-gcc | 2.3.4 | 84.79 | OK | |||
r-devel-windows-x86_64 | 2.3.4 | 9.00 | 86.00 | 95.00 | NOTE | |
r-patched-linux-x86_64 | 2.3.4 | 6.37 | 51.89 | 58.26 | NOTE | |
r-release-linux-x86_64 | 2.3.4 | 6.55 | 52.72 | 59.27 | NOTE | |
r-release-macos-arm64 | 2.3.4 | 32.00 | OK | |||
r-release-macos-x86_64 | 2.3.4 | 52.00 | OK | |||
r-release-windows-x86_64 | 2.3.4 | 10.00 | 86.00 | 96.00 | NOTE | |
r-oldrel-macos-arm64 | 2.3.4 | 32.00 | OK | |||
r-oldrel-macos-x86_64 | 2.3.4 | 44.00 | OK | |||
r-oldrel-windows-x86_64 | 2.3.4 | 12.00 | 94.00 | 106.00 | OK |
Version: 2.3.4
Check: Rd cross-references
Result: NOTE
Found the following Rd file(s) with Rd \link{} targets missing package
anchors:
addLabels.Rd: text3d
Please provide package anchors for all Rd \link{} targets not in the
package itself and the base packages.
Flavors: r-devel-linux-x86_64-debian-clang, r-devel-linux-x86_64-debian-gcc, r-devel-windows-x86_64, r-patched-linux-x86_64, r-release-linux-x86_64, r-release-windows-x86_64