Last updated on 2025-02-22 11:51:41 CET.
Flavor | Version | Tinstall | Tcheck | Ttotal | Status | Flags |
---|---|---|---|---|---|---|
r-devel-linux-x86_64-debian-clang | 0.1.3 | 1.66 | 15.90 | 17.56 | OK | |
r-devel-linux-x86_64-debian-gcc | 0.1.3 | 1.28 | 13.35 | 14.63 | OK | |
r-devel-linux-x86_64-fedora-clang | 0.1.3 | 28.27 | NOTE | |||
r-devel-linux-x86_64-fedora-gcc | 0.1.3 | 27.40 | NOTE | |||
r-devel-macos-arm64 | 0.1.3 | 12.00 | OK | |||
r-devel-macos-x86_64 | 0.1.3 | 25.00 | OK | |||
r-devel-windows-x86_64 | 0.1.3 | 3.00 | 38.00 | 41.00 | OK | |
r-patched-linux-x86_64 | 0.1.3 | 1.65 | 15.33 | 16.98 | NOTE | |
r-release-linux-x86_64 | 0.1.3 | 1.45 | 15.11 | 16.56 | NOTE | |
r-release-macos-arm64 | 0.1.3 | 13.00 | NOTE | |||
r-release-macos-x86_64 | 0.1.3 | 20.00 | NOTE | |||
r-release-windows-x86_64 | 0.1.3 | 3.00 | 37.00 | 40.00 | NOTE | |
r-oldrel-macos-arm64 | 0.1.3 | 16.00 | NOTE | |||
r-oldrel-macos-x86_64 | 0.1.3 | 18.00 | NOTE | |||
r-oldrel-windows-x86_64 | 0.1.3 | 3.00 | 39.00 | 42.00 | NOTE |
Version: 0.1.3
Check: dependencies in R code
Result: NOTE
Namespace in Imports field not imported from: ‘dplyr’
All declared Imports should be used.
Flavors: r-devel-linux-x86_64-fedora-clang, r-devel-linux-x86_64-fedora-gcc
Version: 0.1.3
Check: LazyData
Result: NOTE
'LazyData' is specified without a 'data' directory
Flavors: r-patched-linux-x86_64, r-release-linux-x86_64, r-release-macos-arm64, r-release-macos-x86_64, r-release-windows-x86_64, r-oldrel-macos-arm64, r-oldrel-macos-x86_64, r-oldrel-windows-x86_64