CRAN Package Check Results for Package Rsomoclu

Last updated on 2025-02-22 11:51:41 CET.

Flavor Version Tinstall Tcheck Ttotal Status Flags
r-devel-linux-x86_64-debian-clang 1.7.6 13.39 40.85 54.24 NOTE
r-devel-linux-x86_64-debian-gcc 1.7.6 9.53 29.07 38.60 NOTE
r-devel-linux-x86_64-fedora-clang 1.7.6 95.36 NOTE
r-devel-linux-x86_64-fedora-gcc 1.7.6 83.29 NOTE
r-devel-macos-arm64 1.7.6 30.00 NOTE
r-devel-macos-x86_64 1.7.6 77.00 NOTE
r-devel-windows-x86_64 1.7.6 18.00 84.00 102.00 NOTE
r-patched-linux-x86_64 1.7.6 12.99 36.71 49.70 NOTE
r-release-linux-x86_64 1.7.6 12.57 37.06 49.63 NOTE
r-release-macos-arm64 1.7.6 31.00 NOTE
r-release-macos-x86_64 1.7.6 42.00 NOTE
r-release-windows-x86_64 1.7.6 20.00 79.00 99.00 NOTE
r-oldrel-macos-arm64 1.7.6 32.00 NOTE
r-oldrel-macos-x86_64 1.7.6 56.00 NOTE
r-oldrel-windows-x86_64 1.7.6 23.00 92.00 115.00 NOTE

Check Details

Version: 1.7.6
Check: C++ specification
Result: NOTE Specified C++11: please drop specification unless essential Flavors: r-devel-linux-x86_64-debian-clang, r-devel-linux-x86_64-debian-gcc, r-devel-linux-x86_64-fedora-clang, r-devel-linux-x86_64-fedora-gcc, r-devel-macos-arm64, r-devel-macos-x86_64, r-devel-windows-x86_64, r-patched-linux-x86_64, r-release-linux-x86_64, r-release-macos-arm64, r-release-macos-x86_64, r-release-windows-x86_64, r-oldrel-macos-arm64, r-oldrel-macos-x86_64, r-oldrel-windows-x86_64

mirror server hosted at Truenetwork, Russian Federation.