CRAN Package Check Results for Package Rthingsboard

Last updated on 2025-02-22 11:51:41 CET.

Flavor Version Tinstall Tcheck Ttotal Status Flags
r-devel-linux-x86_64-debian-clang 0.2.7 4.33 33.28 37.61 OK
r-devel-linux-x86_64-debian-gcc 0.2.7 2.58 24.68 27.26 OK
r-devel-linux-x86_64-fedora-clang 0.2.7 60.63 NOTE
r-devel-linux-x86_64-fedora-gcc 0.2.7 57.97 NOTE
r-devel-macos-arm64 0.2.7 22.00 OK
r-devel-macos-x86_64 0.2.7 36.00 OK
r-devel-windows-x86_64 0.2.7 5.00 54.00 59.00 OK
r-patched-linux-x86_64 0.2.7 4.62 30.92 35.54 OK
r-release-linux-x86_64 0.2.7 4.09 31.27 35.36 OK
r-release-macos-arm64 0.2.7 21.00 OK
r-release-macos-x86_64 0.2.7 32.00 OK
r-release-windows-x86_64 0.2.7 6.00 51.00 57.00 OK
r-oldrel-macos-arm64 0.2.7 21.00 OK
r-oldrel-macos-x86_64 0.2.7 31.00 OK
r-oldrel-windows-x86_64 0.2.7 7.00 58.00 65.00 OK

Check Details

Version: 0.2.7
Check: dependencies in R code
Result: NOTE Namespaces in Imports field not imported from: ‘httr’ ‘logger’ All declared Imports should be used. Flavors: r-devel-linux-x86_64-fedora-clang, r-devel-linux-x86_64-fedora-gcc

mirror server hosted at Truenetwork, Russian Federation.