Last updated on 2025-05-28 06:51:38 CEST.
Flavor | Version | Tinstall | Tcheck | Ttotal | Status | Flags |
---|---|---|---|---|---|---|
r-devel-linux-x86_64-debian-clang | 0.4.4 | 66.78 | 93.70 | 160.48 | NOTE | |
r-devel-linux-x86_64-debian-gcc | 0.4.4 | 50.32 | 65.20 | 115.52 | NOTE | |
r-devel-linux-x86_64-fedora-clang | 0.4.4 | 317.22 | NOTE | |||
r-devel-linux-x86_64-fedora-gcc | 0.4.4 | 274.89 | NOTE | |||
r-devel-windows-x86_64 | 0.4.4 | 94.00 | 145.00 | 239.00 | NOTE | |
r-patched-linux-x86_64 | 0.4.4 | 68.41 | 89.47 | 157.88 | NOTE | |
r-release-linux-x86_64 | 0.4.4 | 70.01 | 89.09 | 159.10 | NOTE | |
r-release-macos-arm64 | 0.4.4 | 129.00 | NOTE | |||
r-release-macos-x86_64 | 0.4.4 | 204.00 | NOTE | |||
r-release-windows-x86_64 | 0.4.4 | 96.00 | 144.00 | 240.00 | NOTE | |
r-oldrel-macos-arm64 | 0.4.4 | 86.00 | NOTE | |||
r-oldrel-macos-x86_64 | 0.4.4 | 116.00 | NOTE | |||
r-oldrel-windows-x86_64 | 0.4.4 | 111.00 | 174.00 | 285.00 | NOTE |
Version: 0.4.4
Check: C++ specification
Result: NOTE
Specified C++11: please drop specification unless essential
Flavors: r-devel-linux-x86_64-debian-clang, r-devel-linux-x86_64-debian-gcc, r-devel-linux-x86_64-fedora-clang, r-devel-linux-x86_64-fedora-gcc, r-devel-windows-x86_64, r-patched-linux-x86_64, r-release-linux-x86_64, r-release-macos-arm64, r-release-macos-x86_64, r-release-windows-x86_64, r-oldrel-macos-arm64, r-oldrel-macos-x86_64, r-oldrel-windows-x86_64
Version: 0.4.4
Check: for unstated dependencies in ‘demo’
Result: NOTE
'library' or 'require' call not declared from: ‘Ryacas’
Flavors: r-devel-linux-x86_64-debian-clang, r-devel-linux-x86_64-debian-gcc, r-patched-linux-x86_64, r-release-linux-x86_64
Version: 0.4.4
Check: installed package size
Result: NOTE
installed size is 9.3Mb
sub-directories of 1Mb or more:
libs 7.6Mb
yacas 1.3Mb
Flavors: r-oldrel-macos-arm64, r-oldrel-macos-x86_64