Last updated on 2024-06-27 12:49:20 CEST.
Flavor | Version | Tinstall | Tcheck | Ttotal | Status | Flags |
---|---|---|---|---|---|---|
r-devel-linux-x86_64-debian-clang | 0.1.1 | NOTE | ||||
r-devel-linux-x86_64-debian-gcc | 0.1.1 | 4.48 | 79.91 | 84.39 | NOTE | |
r-devel-linux-x86_64-fedora-clang | 0.1.1 | 136.28 | NOTE | |||
r-devel-linux-x86_64-fedora-gcc | 0.1.1 | 155.12 | NOTE | |||
r-devel-windows-x86_64 | 0.1.1 | 8.00 | 115.00 | 123.00 | NOTE | |
r-patched-linux-x86_64 | 0.1.1 | 5.09 | 105.38 | 110.47 | OK | |
r-release-linux-x86_64 | 0.1.1 | 5.92 | 105.19 | 111.11 | OK | |
r-release-macos-arm64 | 0.1.1 | 55.00 | OK | |||
r-release-macos-x86_64 | 0.1.1 | 103.00 | OK | |||
r-release-windows-x86_64 | 0.1.1 | 9.00 | 117.00 | 126.00 | OK | |
r-oldrel-macos-arm64 | 0.1.1 | 71.00 | OK | |||
r-oldrel-macos-x86_64 | 0.1.1 | 162.00 | OK | |||
r-oldrel-windows-x86_64 | 0.1.1 | 10.00 | 139.00 | 149.00 | WARN |
Version: 0.1.1
Check: compiled code
Result: NOTE
File ‘S7/libs/S7.so’:
Found non-API calls to R: ‘PRCODE’, ‘SET_PRVALUE’
Compiled code should not call non-API entry points in R.
See ‘Writing portable packages’ in the ‘Writing R Extensions’ manual.
Flavors: r-devel-linux-x86_64-debian-clang, r-devel-linux-x86_64-fedora-clang, r-devel-linux-x86_64-fedora-gcc
Version: 0.1.1
Check: compiled code
Result: NOTE
File ‘S7/libs/S7.so’:
Found non-API calls to R: ‘PRCODE’, ‘SET_PRVALUE’
Compiled code should not call non-API entry points in R.
See ‘Writing portable packages’ in the ‘Writing R Extensions’ manual.
See section ‘Moving into C API compliance’ in the ‘Writing R
Extensions’ manual for issues with use of non-API entry points.
Flavor: r-devel-linux-x86_64-debian-gcc
Version: 0.1.1
Check: compiled code
Result: NOTE
File 'S7/libs/x64/S7.dll':
Found non-API calls to R: 'PRCODE', 'SET_PRVALUE'
Compiled code should not call non-API entry points in R.
See 'Writing portable packages' in the 'Writing R Extensions' manual.
Flavor: r-devel-windows-x86_64
Version: 0.1.1
Check: S3 generic/method consistency
Result: WARN
matrixOps:
function(x, y)
matrixOps.S7_object:
function(e1, e2)
See section 'Generic functions and methods' in the 'Writing R
Extensions' manual.
Flavor: r-oldrel-windows-x86_64