Last updated on 2025-11-03 11:49:52 CET.
| Flavor | Version | Tinstall | Tcheck | Ttotal | Status | Flags |
|---|---|---|---|---|---|---|
| r-devel-linux-x86_64-debian-clang | 1.2 | 11.49 | 26.69 | 38.18 | NOTE | |
| r-devel-linux-x86_64-debian-gcc | 1.2 | 7.93 | 21.10 | 29.03 | NOTE | |
| r-devel-linux-x86_64-fedora-clang | 1.2 | 96.00 | -26.93 | 69.07 | OK | |
| r-devel-linux-x86_64-fedora-gcc | 1.2 | 33.00 | 26.68 | 59.68 | OK | |
| r-devel-windows-x86_64 | 1.2 | 15.00 | 59.00 | 74.00 | OK | |
| r-patched-linux-x86_64 | 1.2 | 11.90 | 25.51 | 37.41 | OK | |
| r-release-linux-x86_64 | 1.2 | 11.50 | 25.79 | 37.29 | OK | |
| r-release-macos-arm64 | 1.2 | 7.00 | 17.00 | 24.00 | OK | |
| r-release-macos-x86_64 | 1.2 | 8.00 | 34.00 | 42.00 | OK | |
| r-release-windows-x86_64 | 1.2 | 15.00 | 58.00 | 73.00 | OK | |
| r-oldrel-macos-arm64 | 1.2 | 6.00 | 17.00 | 23.00 | OK | |
| r-oldrel-macos-x86_64 | 1.2 | 9.00 | 29.00 | 38.00 | OK | |
| r-oldrel-windows-x86_64 | 1.2 | 18.00 | 74.00 | 92.00 | OK |
Version: 1.2
Check: CRAN incoming feasibility
Result: NOTE
Maintainer: ‘Alexander Marx <amarx@mpi-inf.mpg.de>’
No Authors@R field in DESCRIPTION.
Please add one, modifying
Authors@R: person(given = "Alexander",
family = "Marx",
role = c("aut", "cre"),
email = "amarx@mpi-inf.mpg.de")
as necessary.
Flavors: r-devel-linux-x86_64-debian-clang, r-devel-linux-x86_64-debian-gcc