Last updated on 2025-05-22 06:51:58 CEST.
Flavor | Version | Tinstall | Tcheck | Ttotal | Status | Flags |
---|---|---|---|---|---|---|
r-devel-linux-x86_64-debian-clang | 1.3.1 | 20.86 | 84.71 | 105.57 | NOTE | |
r-devel-linux-x86_64-debian-gcc | 1.3.1 | 13.55 | 53.82 | 67.37 | NOTE | |
r-devel-linux-x86_64-fedora-clang | 1.3.1 | 167.36 | OK | |||
r-devel-linux-x86_64-fedora-gcc | 1.3.1 | 154.64 | OK | |||
r-devel-windows-x86_64 | 1.3.1 | 22.00 | 86.00 | 108.00 | OK | |
r-patched-linux-x86_64 | 1.3.1 | 18.55 | 77.31 | 95.86 | OK | |
r-release-linux-x86_64 | 1.3.1 | 21.14 | 76.75 | 97.89 | OK | |
r-release-macos-arm64 | 1.3.1 | 42.00 | OK | |||
r-release-macos-x86_64 | 1.3.1 | 81.00 | OK | |||
r-release-windows-x86_64 | 1.3.1 | 21.00 | 86.00 | 107.00 | OK | |
r-oldrel-macos-arm64 | 1.3.1 | 41.00 | OK | |||
r-oldrel-macos-x86_64 | 1.3.1 | 62.00 | OK | |||
r-oldrel-windows-x86_64 | 1.3.1 | 28.00 | 105.00 | 133.00 | OK |
Version: 1.3.1
Check: CRAN incoming feasibility
Result: NOTE
Maintainer: ‘Tamal Kumar De <tamalkumar.de@kuleuven.be>’
No Authors@R field in DESCRIPTION.
Please add one, modifying
Authors@R: c(person(given = "Isis",
family = "Bulte",
role = "aut"),
person(given = c("Tamal", "Kumar"),
family = "De",
role = c("aut", "cre"),
email = "tamalkumar.de@kuleuven.be"),
person(given = "Patrick",
family = "Onghena",
role = "aut"))
as necessary.
Flavors: r-devel-linux-x86_64-debian-clang, r-devel-linux-x86_64-debian-gcc