CRAN Package Check Results for Package SFtools

Last updated on 2025-11-22 05:48:49 CET.

Flavor Version Tinstall Tcheck Ttotal Status Flags
r-devel-linux-x86_64-debian-clang 0.1.0 7.28 59.50 66.78 NOTE
r-devel-linux-x86_64-debian-gcc 0.1.0 4.96 44.81 49.77 NOTE
r-devel-linux-x86_64-fedora-clang 0.1.0 14.00 85.48 99.48 OK
r-devel-windows-x86_64 0.1.0 10.00 71.00 81.00 OK
r-patched-linux-x86_64 0.1.0 6.99 56.61 63.60 OK
r-release-linux-x86_64 0.1.0 6.45 56.63 63.08 OK
r-release-macos-arm64 0.1.0 OK
r-release-macos-x86_64 0.1.0 6.00 51.00 57.00 OK
r-release-windows-x86_64 0.1.0 8.00 71.00 79.00 OK
r-oldrel-macos-arm64 0.1.0 NOTE
r-oldrel-macos-x86_64 0.1.0 5.00 45.00 50.00 NOTE
r-oldrel-windows-x86_64 0.1.0 9.00 88.00 97.00 NOTE

Check Details

Version: 0.1.0
Check: CRAN incoming feasibility
Result: NOTE Maintainer: ‘Mohamed Laib <laib.med@gmail.com>’ No Authors@R field in DESCRIPTION. Please add one, modifying Authors@R: c(person(given = "Mohamed", family = "Laib", role = c("aut", "cre"), email = "laib.med@gmail.com"), person(given = "Mikhail", family = "Kanevski", role = "aut")) as necessary. Flavors: r-devel-linux-x86_64-debian-clang, r-devel-linux-x86_64-debian-gcc

Version: 0.1.0
Check: LazyData
Result: NOTE 'LazyData' is specified without a 'data' directory Flavors: r-oldrel-macos-arm64, r-oldrel-macos-x86_64, r-oldrel-windows-x86_64

mirror server hosted at Truenetwork, Russian Federation.