Last updated on 2025-05-25 06:51:27 CEST.
Flavor | Version | Tinstall | Tcheck | Ttotal | Status | Flags |
---|---|---|---|---|---|---|
r-devel-linux-x86_64-debian-clang | 1.0.0 | 7.03 | 60.16 | 67.19 | NOTE | |
r-devel-linux-x86_64-debian-gcc | 1.0.0 | 5.55 | 45.40 | 50.95 | NOTE | |
r-devel-linux-x86_64-fedora-clang | 1.0.0 | 101.96 | OK | |||
r-devel-linux-x86_64-fedora-gcc | 1.0.0 | 98.73 | OK | |||
r-devel-windows-x86_64 | 1.0.0 | 9.00 | 108.00 | 117.00 | OK | |
r-patched-linux-x86_64 | 1.0.0 | 7.13 | 57.05 | 64.18 | OK | |
r-release-linux-x86_64 | 1.0.0 | 7.36 | 57.15 | 64.51 | OK | |
r-release-macos-arm64 | 1.0.0 | 36.00 | OK | |||
r-release-macos-x86_64 | 1.0.0 | 65.00 | OK | |||
r-release-windows-x86_64 | 1.0.0 | 9.00 | 76.00 | 85.00 | OK | |
r-oldrel-macos-arm64 | 1.0.0 | 31.00 | OK | |||
r-oldrel-macos-x86_64 | 1.0.0 | 50.00 | OK | |||
r-oldrel-windows-x86_64 | 1.0.0 | 9.00 | 89.00 | 98.00 | OK |
Version: 1.0.0
Check: CRAN incoming feasibility
Result: NOTE
Maintainer: ‘Xianyang Zhang <zhangxiany@stat.tamu.edu>’
No Authors@R field in DESCRIPTION.
Please add one, modifying
Authors@R: c(person(given = "Xianyang",
family = "Zhang",
role = c("aut", "cre"),
email = "zhangxiany@stat.tamu.edu"),
person(given = "Guang",
family = "Cheng",
role = "aut"),
person(given = "Jincheng",
family = "Bai",
role = "aut"))
as necessary.
Flavors: r-devel-linux-x86_64-debian-clang, r-devel-linux-x86_64-debian-gcc