Last updated on 2025-02-22 17:49:59 CET.
Flavor | Version | Tinstall | Tcheck | Ttotal | Status | Flags |
---|---|---|---|---|---|---|
r-devel-linux-x86_64-debian-clang | 0.2.1 | 0.24 | 1.79 | 2.03 | ERROR | |
r-devel-linux-x86_64-debian-gcc | 0.2.1 | 21.76 | 158.52 | 180.28 | OK | |
r-devel-linux-x86_64-fedora-clang | 0.2.1 | 444.42 | OK | |||
r-devel-linux-x86_64-fedora-gcc | 0.2.1 | 403.19 | OK | |||
r-devel-macos-arm64 | 0.2.1 | 97.00 | OK | |||
r-devel-macos-x86_64 | 0.2.1 | 208.00 | OK | |||
r-devel-windows-x86_64 | 0.2.1 | 26.00 | 192.00 | 218.00 | OK | |
r-patched-linux-x86_64 | 0.2.1 | 24.12 | 209.01 | 233.13 | OK | |
r-release-linux-x86_64 | 0.2.1 | 23.94 | 209.56 | 233.50 | OK | |
r-release-macos-arm64 | 0.2.1 | 92.00 | OK | |||
r-release-macos-x86_64 | 0.2.1 | 116.00 | OK | |||
r-release-windows-x86_64 | 0.2.1 | 25.00 | 194.00 | 219.00 | OK | |
r-oldrel-macos-arm64 | 0.2.1 | 98.00 | OK | |||
r-oldrel-macos-x86_64 | 0.2.1 | 170.00 | OK | |||
r-oldrel-windows-x86_64 | 0.2.1 | 27.00 | 248.00 | 275.00 | OK |
Version: 0.2.1
Check: package dependencies
Result: ERROR
Package required but not available: ‘rstanarm’
See section ‘The DESCRIPTION file’ in the ‘Writing R Extensions’
manual.
Flavor: r-devel-linux-x86_64-debian-clang