Last updated on 2025-05-28 00:49:15 CEST.
Flavor | Version | Tinstall | Tcheck | Ttotal | Status | Flags |
---|---|---|---|---|---|---|
r-devel-linux-x86_64-debian-clang | 3.1 | 7.80 | 59.74 | 67.54 | NOTE | |
r-devel-linux-x86_64-debian-gcc | 3.1 | 5.75 | 44.24 | 49.99 | NOTE | |
r-devel-linux-x86_64-fedora-clang | 3.1 | 106.33 | OK | |||
r-devel-linux-x86_64-fedora-gcc | 3.1 | 87.00 | OK | |||
r-devel-windows-x86_64 | 3.1 | 8.00 | 69.00 | 77.00 | OK | |
r-patched-linux-x86_64 | 3.1 | 6.52 | 56.89 | 63.41 | OK | |
r-release-linux-x86_64 | 3.1 | 6.30 | 56.69 | 62.99 | OK | |
r-release-macos-arm64 | 3.1 | 35.00 | OK | |||
r-release-macos-x86_64 | 3.1 | 59.00 | OK | |||
r-release-windows-x86_64 | 3.1 | 8.00 | 70.00 | 78.00 | OK | |
r-oldrel-macos-arm64 | 3.1 | 36.00 | OK | |||
r-oldrel-macos-x86_64 | 3.1 | 46.00 | OK | |||
r-oldrel-windows-x86_64 | 3.1 | 11.00 | 84.00 | 95.00 | OK |
Version: 3.1
Check: CRAN incoming feasibility
Result: NOTE
Maintainer: ‘Aldo M. Garay <medina_garay@yahoo.com>’
No Authors@R field in DESCRIPTION.
Please add one, modifying
Authors@R: c(person(given = c("Aldo", "M."),
family = "Garay",
role = c("aut", "cre"),
email = "medina_garay@yahoo.com"),
person(given = c("Monique", "Bettio"),
family = "Massuia",
role = "aut",
email = "moniquemassuia@gmail.com"),
person(given = "Victor",
family = "Lachos",
role = "aut",
email = "hlachos@ime.unicamp.br"))
as necessary.
Flavors: r-devel-linux-x86_64-debian-clang, r-devel-linux-x86_64-debian-gcc