CRAN Package Check Results for Package SUMMER

Last updated on 2025-05-28 00:49:16 CEST.

Flavor Version Tinstall Tcheck Ttotal Status Flags
r-devel-linux-x86_64-debian-clang 2.0.0 48.50 378.96 427.46 OK
r-devel-linux-x86_64-debian-gcc 2.0.0 24.75 237.92 262.67 OK
r-devel-linux-x86_64-fedora-clang 2.0.0 671.84 OK
r-devel-linux-x86_64-fedora-gcc 2.0.0 580.39 OK
r-devel-windows-x86_64 2.0.0 42.00 292.00 334.00 OK
r-patched-linux-x86_64 2.0.0 45.85 348.18 394.03 OK
r-release-linux-x86_64 2.0.0 42.88 359.79 402.67 OK
r-release-macos-arm64 2.0.0 128.00 OK
r-release-macos-x86_64 2.0.0 334.00 OK
r-release-windows-x86_64 2.0.0 44.00 292.00 336.00 OK
r-oldrel-macos-arm64 2.0.0 154.00 NOTE
r-oldrel-macos-x86_64 2.0.0 230.00 NOTE
r-oldrel-windows-x86_64 2.0.0 61.00 400.00 461.00 NOTE

Check Details

Version: 2.0.0
Check: package dependencies
Result: NOTE Package suggested but not available for checking: ‘INLA’ Flavors: r-oldrel-macos-arm64, r-oldrel-macos-x86_64

Version: 2.0.0
Check: installed package size
Result: NOTE installed size is 6.7Mb sub-directories of 1Mb or more: data 2.0Mb doc 3.1Mb help 1.0Mb Flavors: r-oldrel-macos-arm64, r-oldrel-macos-x86_64, r-oldrel-windows-x86_64

mirror server hosted at Truenetwork, Russian Federation.