Last updated on 2025-11-02 23:49:54 CET.
| Flavor | Version | Tinstall | Tcheck | Ttotal | Status | Flags |
|---|---|---|---|---|---|---|
| r-devel-linux-x86_64-debian-clang | 2.0.0 | 46.80 | 392.42 | 439.22 | OK | |
| r-devel-linux-x86_64-debian-gcc | 2.0.0 | 29.73 | 243.64 | 273.37 | OK | |
| r-devel-linux-x86_64-fedora-clang | 2.0.0 | 101.00 | 593.76 | 694.76 | OK | |
| r-devel-linux-x86_64-fedora-gcc | 2.0.0 | 104.00 | 581.08 | 685.08 | OK | |
| r-devel-windows-x86_64 | 2.0.0 | 44.00 | 300.00 | 344.00 | OK | |
| r-patched-linux-x86_64 | 2.0.0 | 44.98 | 373.54 | 418.52 | OK | |
| r-release-linux-x86_64 | 2.0.0 | 45.59 | 369.84 | 415.43 | OK | |
| r-release-macos-arm64 | 2.0.0 | 14.00 | 114.00 | 128.00 | OK | |
| r-release-macos-x86_64 | 2.0.0 | 38.00 | 296.00 | 334.00 | OK | |
| r-release-windows-x86_64 | 2.0.0 | 42.00 | 297.00 | 339.00 | OK | |
| r-oldrel-macos-arm64 | 2.0.0 | 17.00 | 137.00 | 154.00 | NOTE | |
| r-oldrel-macos-x86_64 | 2.0.0 | 39.00 | 191.00 | 230.00 | NOTE | |
| r-oldrel-windows-x86_64 | 2.0.0 | 65.00 | 419.00 | 484.00 | NOTE |
Version: 2.0.0
Check: package dependencies
Result: NOTE
Package suggested but not available for checking: ‘INLA’
Flavors: r-oldrel-macos-arm64, r-oldrel-macos-x86_64
Version: 2.0.0
Check: installed package size
Result: NOTE
installed size is 6.7Mb
sub-directories of 1Mb or more:
data 2.0Mb
doc 3.1Mb
help 1.0Mb
Flavors: r-oldrel-macos-arm64, r-oldrel-macos-x86_64, r-oldrel-windows-x86_64