CRAN Package Check Results for Package SVN

Last updated on 2025-07-13 00:48:42 CEST.

Flavor Version Tinstall Tcheck Ttotal Status Flags
r-devel-linux-x86_64-debian-clang 1.0.1 2.93 28.80 31.73 NOTE
r-devel-linux-x86_64-debian-gcc 1.0.1 2.28 22.95 25.23 NOTE
r-devel-linux-x86_64-fedora-clang 1.0.1 48.51 OK
r-devel-linux-x86_64-fedora-gcc 1.0.1 45.63 OK
r-devel-windows-x86_64 1.0.1 4.00 48.00 52.00 OK
r-patched-linux-x86_64 1.0.1 2.82 27.49 30.31 OK
r-release-linux-x86_64 1.0.1 3.04 26.93 29.97 OK
r-release-macos-arm64 1.0.1 24.00 OK
r-release-macos-x86_64 1.0.1 32.00 OK
r-release-windows-x86_64 1.0.1 4.00 50.00 54.00 OK
r-oldrel-macos-arm64 1.0.1 20.00 OK
r-oldrel-macos-x86_64 1.0.1 28.00 OK
r-oldrel-windows-x86_64 1.0.1 6.00 56.00 62.00 OK

Check Details

Version: 1.0.1
Check: CRAN incoming feasibility
Result: NOTE Maintainer: ‘Damien Challet <damien.challet@gmail.com>’ No Authors@R field in DESCRIPTION. Please add one, modifying Authors@R: person(given = "Damien", family = "Challet", role = c("aut", "cre"), email = "damien.challet@gmail.com") as necessary. Flavors: r-devel-linux-x86_64-debian-clang, r-devel-linux-x86_64-debian-gcc

mirror server hosted at Truenetwork, Russian Federation.