CRAN Package Check Results for Package SiER

Last updated on 2025-05-28 06:51:40 CEST.

Flavor Version Tinstall Tcheck Ttotal Status Flags
r-devel-linux-x86_64-debian-clang 0.1.0 2.24 25.35 27.59 NOTE
r-devel-linux-x86_64-debian-gcc 0.1.0 1.62 20.06 21.68 NOTE
r-devel-linux-x86_64-fedora-clang 0.1.0 42.96 OK
r-devel-linux-x86_64-fedora-gcc 0.1.0 39.11 OK
r-devel-windows-x86_64 0.1.0 3.00 52.00 55.00 OK
r-patched-linux-x86_64 0.1.0 2.33 25.23 27.56 OK
r-release-linux-x86_64 0.1.0 2.23 25.37 27.60 OK
r-release-macos-arm64 0.1.0 18.00 OK
r-release-macos-x86_64 0.1.0 32.00 OK
r-release-windows-x86_64 0.1.0 3.00 54.00 57.00 OK
r-oldrel-macos-arm64 0.1.0 18.00 NOTE
r-oldrel-macos-x86_64 0.1.0 26.00 NOTE
r-oldrel-windows-x86_64 0.1.0 3.00 58.00 61.00 NOTE

Check Details

Version: 0.1.0
Check: CRAN incoming feasibility
Result: NOTE Maintainer: ‘Ruiyan Luo <rluo@gsu.edu>’ No Authors@R field in DESCRIPTION. Please add one, modifying Authors@R: c(person(family = "Ruiyan", role = c("aut", "cre"), email = "rluo@gsu.edu"), person(given = "Xin", family = "Qi", role = "aut")) as necessary. Flavors: r-devel-linux-x86_64-debian-clang, r-devel-linux-x86_64-debian-gcc

Version: 0.1.0
Check: LazyData
Result: NOTE 'LazyData' is specified without a 'data' directory Flavors: r-oldrel-macos-arm64, r-oldrel-macos-x86_64, r-oldrel-windows-x86_64

mirror server hosted at Truenetwork, Russian Federation.