Last updated on 2025-05-22 06:51:59 CEST.
Flavor | Version | Tinstall | Tcheck | Ttotal | Status | Flags |
---|---|---|---|---|---|---|
r-devel-linux-x86_64-debian-clang | 1.14.0 | 63.45 | 348.93 | 412.38 | OK | |
r-devel-linux-x86_64-debian-gcc | 1.14.0 | 46.34 | 248.18 | 294.52 | OK | |
r-devel-linux-x86_64-fedora-clang | 1.14.0 | 652.57 | ERROR | |||
r-devel-linux-x86_64-fedora-gcc | 1.14.0 | 635.05 | OK | |||
r-devel-windows-x86_64 | 1.14.0 | 76.00 | 338.00 | 414.00 | OK | |
r-patched-linux-x86_64 | 1.14.0 | 63.65 | 329.27 | 392.92 | OK | |
r-release-linux-x86_64 | 1.14.0 | 62.25 | 331.61 | 393.86 | OK | |
r-release-macos-arm64 | 1.14.0 | 162.00 | OK | |||
r-release-macos-x86_64 | 1.14.0 | 323.00 | OK | |||
r-release-windows-x86_64 | 1.14.0 | 73.00 | 467.00 | 540.00 | OK | |
r-oldrel-macos-arm64 | 1.14.0 | 171.00 | NOTE | |||
r-oldrel-macos-x86_64 | 1.14.0 | 496.00 | NOTE | |||
r-oldrel-windows-x86_64 | 1.14.0 | 91.00 | 462.00 | 553.00 | OK |
Version: 1.14.0
Check: PDF version of manual
Result: WARN
LaTeX errors when creating PDF version.
This typically indicates Rd problems.
Flavor: r-devel-linux-x86_64-fedora-clang
Version: 1.14.0
Check: PDF version of manual without index
Result: ERROR
Re-running with no redirection of stdout/stderr.
Flavor: r-devel-linux-x86_64-fedora-clang
Version: 1.14.0
Check: for non-standard things in the check directory
Result: NOTE
Found the following files/directories:
‘Signac-manual.tex’
Flavor: r-devel-linux-x86_64-fedora-clang
Version: 1.14.0
Check: installed package size
Result: NOTE
installed size is 5.1Mb
sub-directories of 1Mb or more:
R 2.1Mb
libs 1.9Mb
Flavors: r-oldrel-macos-arm64, r-oldrel-macos-x86_64