Last updated on 2024-06-27 00:56:16 CEST.
Flavor | Version | Tinstall | Tcheck | Ttotal | Status | Flags |
---|---|---|---|---|---|---|
r-devel-linux-x86_64-debian-clang | 1.8.1 | NOTE | ||||
r-devel-linux-x86_64-debian-gcc | 1.8.1 | 53.15 | 47.98 | 101.13 | NOTE | |
r-devel-linux-x86_64-fedora-clang | 1.8.1 | 164.55 | NOTE | |||
r-devel-linux-x86_64-fedora-gcc | 1.8.1 | 167.71 | NOTE | |||
r-devel-windows-x86_64 | 1.8.1 | 57.00 | 67.00 | 124.00 | NOTE | |
r-patched-linux-x86_64 | 1.8.1 | 59.48 | 59.74 | 119.22 | NOTE | |
r-release-linux-x86_64 | 1.8.1 | 65.42 | 61.27 | 126.69 | NOTE | |
r-release-macos-arm64 | 1.8.1 | 62.00 | NOTE | |||
r-release-macos-x86_64 | 1.8.1 | 85.00 | NOTE | |||
r-release-windows-x86_64 | 1.8.1 | 57.00 | 67.00 | 124.00 | NOTE | |
r-oldrel-macos-arm64 | 1.8.1 | 69.00 | NOTE | |||
r-oldrel-macos-x86_64 | 1.8.1 | 127.00 | NOTE | |||
r-oldrel-windows-x86_64 | 1.8.1 | 74.00 | 77.00 | 151.00 | OK |
Version: 1.8.1
Check: Rd files
Result: NOTE
checkRd: (-1) cities_lon_lat.Rd:6: Lost braces
6 | A subset of world.cities{maps}. Extracted in order to shink number of dependencies.
| ^
Flavors: r-devel-linux-x86_64-debian-clang, r-devel-linux-x86_64-debian-gcc, r-devel-linux-x86_64-fedora-clang, r-devel-linux-x86_64-fedora-gcc, r-devel-windows-x86_64, r-patched-linux-x86_64, r-release-linux-x86_64, r-release-macos-arm64, r-release-macos-x86_64, r-release-windows-x86_64
Version: 1.8.1
Check: data for non-ASCII characters
Result: NOTE
Note: found 1122 marked UTF-8 strings
Flavors: r-devel-linux-x86_64-fedora-clang, r-devel-linux-x86_64-fedora-gcc
Version: 1.8.1
Check: installed package size
Result: NOTE
installed size is 5.3Mb
sub-directories of 1Mb or more:
data 5.1Mb
Flavors: r-release-macos-arm64, r-release-macos-x86_64, r-oldrel-macos-arm64, r-oldrel-macos-x86_64