Last updated on 2025-11-02 11:50:37 CET.
| Flavor | Version | Tinstall | Tcheck | Ttotal | Status | Flags |
|---|---|---|---|---|---|---|
| r-devel-linux-x86_64-debian-clang | 6.4.0 | 18.15 | 149.48 | 167.63 | OK | |
| r-devel-linux-x86_64-debian-gcc | 6.4.0 | 14.17 | 100.53 | 114.70 | OK | |
| r-devel-linux-x86_64-fedora-clang | 6.4.0 | 177.00 | 107.14 | 284.14 | OK | |
| r-devel-linux-x86_64-fedora-gcc | 6.4.0 | 90.00 | 190.56 | 280.56 | OK | |
| r-devel-windows-x86_64 | 6.4.0 | 22.00 | 160.00 | 182.00 | OK | |
| r-patched-linux-x86_64 | 6.4.0 | 19.56 | 137.11 | 156.67 | OK | |
| r-release-linux-x86_64 | 6.4.0 | 18.06 | 139.29 | 157.35 | OK | |
| r-release-macos-arm64 | 6.4.0 | 10.00 | 67.00 | 77.00 | OK | |
| r-release-macos-x86_64 | 6.4.0 | 19.00 | 141.00 | 160.00 | OK | |
| r-release-windows-x86_64 | 6.4.0 | 20.00 | 159.00 | 179.00 | OK | |
| r-oldrel-macos-arm64 | 6.4.0 | 11.00 | 72.00 | 83.00 | NOTE | |
| r-oldrel-macos-x86_64 | 6.4.0 | 18.00 | 138.00 | 156.00 | NOTE | |
| r-oldrel-windows-x86_64 | 6.4.0 | 28.00 | 208.00 | 236.00 | OK |
Version: 6.4.0
Check: installed package size
Result: NOTE
installed size is 6.0Mb
sub-directories of 1Mb or more:
data 3.8Mb
extdata 1.1Mb
Flavors: r-oldrel-macos-arm64, r-oldrel-macos-x86_64