Last updated on 2025-05-25 06:51:28 CEST.
Flavor | Version | Tinstall | Tcheck | Ttotal | Status | Flags |
---|---|---|---|---|---|---|
r-devel-linux-x86_64-debian-clang | 1.3 | 39.75 | 66.34 | 106.09 | OK | |
r-devel-linux-x86_64-debian-gcc | 1.3 | 31.00 | 51.99 | 82.99 | OK | |
r-devel-linux-x86_64-fedora-clang | 1.3 | 181.62 | OK | |||
r-devel-linux-x86_64-fedora-gcc | 1.3 | 205.55 | OK | |||
r-devel-windows-x86_64 | 1.3 | 45.00 | 100.00 | 145.00 | OK | |
r-patched-linux-x86_64 | 1.3 | 41.88 | 63.69 | 105.57 | OK | |
r-release-linux-x86_64 | 1.3 | 40.87 | 64.30 | 105.17 | OK | |
r-release-macos-arm64 | 1.3 | 61.00 | OK | |||
r-release-macos-x86_64 | 1.3 | 129.00 | OK | |||
r-release-windows-x86_64 | 1.3 | 45.00 | 102.00 | 147.00 | OK | |
r-oldrel-macos-arm64 | 1.3 | 60.00 | NOTE | |||
r-oldrel-macos-x86_64 | 1.3 | 108.00 | NOTE | |||
r-oldrel-windows-x86_64 | 1.3 | 55.00 | 122.00 | 177.00 | OK |
Version: 1.3
Check: installed package size
Result: NOTE
installed size is 5.7Mb
sub-directories of 1Mb or more:
libs 5.4Mb
Flavors: r-oldrel-macos-arm64, r-oldrel-macos-x86_64