CRAN Package Check Results for Package SparseBiplots

Last updated on 2025-02-22 11:51:43 CET.

Flavor Version Tinstall Tcheck Ttotal Status Flags
r-devel-linux-x86_64-debian-clang 4.0.1 8.90 77.12 86.02 NOTE
r-devel-linux-x86_64-debian-gcc 4.0.1 5.64 52.79 58.43 NOTE
r-devel-linux-x86_64-fedora-clang 4.0.1 142.28 NOTE
r-devel-linux-x86_64-fedora-gcc 4.0.1 123.91 NOTE
r-devel-macos-arm64 4.0.1 37.00 OK
r-devel-macos-x86_64 4.0.1 76.00 OK
r-devel-windows-x86_64 4.0.1 10.00 92.00 102.00 NOTE
r-patched-linux-x86_64 4.0.1 13.89 69.36 83.25 OK
r-release-linux-x86_64 4.0.1 8.80 70.16 78.96 OK
r-release-macos-arm64 4.0.1 38.00 OK
r-release-macos-x86_64 4.0.1 60.00 OK
r-release-windows-x86_64 4.0.1 9.00 79.00 88.00 OK
r-oldrel-macos-arm64 4.0.1 45.00 OK
r-oldrel-macos-x86_64 4.0.1 82.00 OK
r-oldrel-windows-x86_64 4.0.1 13.00 102.00 115.00 OK

Check Details

Version: 4.0.1
Check: Rd cross-references
Result: NOTE Found the following Rd file(s) with Rd \link{} targets missing package anchors: ElasticNet_HJBiplot.Rd: spca Plot_Biplot.Rd: ggplot2 Please provide package anchors for all Rd \link{} targets not in the package itself and the base packages. Flavors: r-devel-linux-x86_64-debian-clang, r-devel-linux-x86_64-debian-gcc, r-devel-windows-x86_64

Version: 4.0.1
Check: dependencies in R code
Result: NOTE Namespaces in Imports field not imported from: ‘gtable’ ‘rlang’ ‘testthat’ All declared Imports should be used. Flavors: r-devel-linux-x86_64-fedora-clang, r-devel-linux-x86_64-fedora-gcc

mirror server hosted at Truenetwork, Russian Federation.