CRAN Package Check Results for Package SpecsVerification

Last updated on 2025-11-13 17:50:50 CET.

Flavor Version Tinstall Tcheck Ttotal Status Flags
r-devel-linux-x86_64-debian-clang 0.5-3 36.23 43.34 79.57 NOTE
r-devel-linux-x86_64-debian-gcc 0.5-3 22.41 31.39 53.80 NOTE
r-devel-linux-x86_64-fedora-clang 0.5-3 59.00 87.15 146.15 NOTE
r-devel-linux-x86_64-fedora-gcc 0.5-3 57.00 71.48 128.48 NOTE
r-devel-windows-x86_64 0.5-3 48.00 83.00 131.00 NOTE
r-patched-linux-x86_64 0.5-3 35.87 40.86 76.73 NOTE
r-release-linux-x86_64 0.5-3 33.88 41.25 75.13 NOTE
r-release-macos-arm64 0.5-3 15.00 23.00 38.00 NOTE
r-release-macos-x86_64 0.5-3 14.00 37.00 51.00 NOTE
r-release-windows-x86_64 0.5-3 47.00 85.00 132.00 NOTE
r-oldrel-macos-arm64 0.5-3 15.00 22.00 37.00 NOTE
r-oldrel-macos-x86_64 0.5-3 14.00 32.00 46.00 NOTE
r-oldrel-windows-x86_64 0.5-3 54.00 101.00 155.00 NOTE

Check Details

Version: 0.5-3
Check: Rd files
Result: NOTE checkRd: (-1) FitAkdParameters.Rd:23: Lost braces; missing escapes or markup? 23 | p(y|ens) = 1 / K * sum {dnorm(y, z.i, s)} \cr | ^ Flavors: r-devel-linux-x86_64-debian-clang, r-devel-linux-x86_64-debian-gcc, r-devel-linux-x86_64-fedora-clang, r-devel-linux-x86_64-fedora-gcc, r-devel-windows-x86_64, r-patched-linux-x86_64, r-release-linux-x86_64, r-release-macos-arm64, r-release-macos-x86_64, r-release-windows-x86_64, r-oldrel-macos-arm64, r-oldrel-macos-x86_64, r-oldrel-windows-x86_64

mirror server hosted at Truenetwork, Russian Federation.