Last updated on 2025-11-04 05:51:27 CET.
| Flavor | Version | Tinstall | Tcheck | Ttotal | Status | Flags | 
|---|---|---|---|---|---|---|
| r-devel-linux-x86_64-debian-clang | 0.1-1 | 1.88 | 22.29 | 24.17 | NOTE | |
| r-devel-linux-x86_64-debian-gcc | 0.1-1 | 1.49 | 18.20 | 19.69 | NOTE | |
| r-devel-linux-x86_64-fedora-clang | 0.1-1 | 34.91 | OK | |||
| r-devel-linux-x86_64-fedora-gcc | 0.1-1 | 32.83 | OK | |||
| r-devel-windows-x86_64 | 0.1-1 | 4.00 | 41.00 | 45.00 | OK | |
| r-patched-linux-x86_64 | 0.1-1 | 2.15 | 21.18 | 23.33 | OK | |
| r-release-linux-x86_64 | 0.1-1 | 1.89 | 21.00 | 22.89 | OK | |
| r-release-macos-arm64 | 0.1-1 | 1.00 | 16.00 | 17.00 | OK | |
| r-release-macos-x86_64 | 0.1-1 | 2.00 | 23.00 | 25.00 | OK | |
| r-release-windows-x86_64 | 0.1-1 | 2.00 | 42.00 | 44.00 | OK | |
| r-oldrel-macos-arm64 | 0.1-1 | 1.00 | 14.00 | 15.00 | OK | |
| r-oldrel-macos-x86_64 | 0.1-1 | 2.00 | 19.00 | 21.00 | OK | |
| r-oldrel-windows-x86_64 | 0.1-1 | 3.00 | 42.00 | 45.00 | OK | 
Version: 0.1-1
Check: CRAN incoming feasibility
Result: NOTE
  Maintainer: ‘Cedric E Ginestet <cedric.ginestet@kcl.ac.uk>’
  
  No Authors@R field in DESCRIPTION.
  Please add one, modifying
    Authors@R: person(given = c("Cedric", "E"),
                      family = "Ginestet",
                      role = c("aut", "cre"),
                      email = "cedric.ginestet@kcl.ac.uk")
  as necessary.
Flavors: r-devel-linux-x86_64-debian-clang, r-devel-linux-x86_64-debian-gcc