CRAN Package Check Results for Package SunsVoc

Last updated on 2025-11-02 11:50:38 CET.

Flavor Version Tinstall Tcheck Ttotal Status Flags
r-devel-linux-x86_64-debian-clang 0.1.2 21.52 60.81 82.33 OK
r-devel-linux-x86_64-debian-gcc 0.1.2 20.81 43.62 64.43 OK
r-devel-linux-x86_64-fedora-clang 0.1.2 44.00 83.38 127.38 NOTE
r-devel-linux-x86_64-fedora-gcc 0.1.2 39.00 97.37 136.37 NOTE
r-devel-windows-x86_64 0.1.2 24.00 77.00 101.00 OK
r-patched-linux-x86_64 0.1.2 21.42 57.47 78.89 OK
r-release-linux-x86_64 0.1.2 21.80 57.61 79.41 OK
r-release-macos-arm64 0.1.2 19.00 36.00 55.00 OK
r-release-macos-x86_64 0.1.2 23.00 66.00 89.00 OK
r-release-windows-x86_64 0.1.2 25.00 76.00 101.00 OK
r-oldrel-macos-arm64 0.1.2 18.00 33.00 51.00 OK
r-oldrel-macos-x86_64 0.1.2 19.00 54.00 73.00 OK
r-oldrel-windows-x86_64 0.1.2 29.00 95.00 124.00 OK

Check Details

Version: 0.1.2
Check: dependencies in R code
Result: NOTE Namespace in Imports field not imported from: ‘data.table’ All declared Imports should be used. Flavors: r-devel-linux-x86_64-fedora-clang, r-devel-linux-x86_64-fedora-gcc

mirror server hosted at Truenetwork, Russian Federation.