Last updated on 2024-06-26 18:58:53 CEST.
Flavor | Version | Tinstall | Tcheck | Ttotal | Status | Flags |
---|---|---|---|---|---|---|
r-devel-linux-x86_64-debian-clang | 1.0 | OK | ||||
r-devel-linux-x86_64-debian-gcc | 1.0 | 35.60 | 63.41 | 99.01 | OK | |
r-devel-linux-x86_64-fedora-clang | 1.0 | 171.45 | OK | |||
r-devel-linux-x86_64-fedora-gcc | 1.0 | 177.29 | OK | |||
r-devel-windows-x86_64 | 1.0 | 39.00 | 91.00 | 130.00 | OK | |
r-patched-linux-x86_64 | 1.0 | 43.83 | 80.62 | 124.45 | OK | |
r-release-linux-x86_64 | 1.0 | 43.70 | 78.85 | 122.55 | OK | |
r-release-macos-arm64 | 1.0 | 48.00 | NOTE | |||
r-release-macos-x86_64 | 1.0 | 83.00 | NOTE | |||
r-release-windows-x86_64 | 1.0 | 41.00 | 94.00 | 135.00 | OK | |
r-oldrel-macos-arm64 | 1.0 | 55.00 | NOTE | |||
r-oldrel-macos-x86_64 | 1.0 | 96.00 | NOTE | |||
r-oldrel-windows-x86_64 | 1.0 | 49.00 | 117.00 | 166.00 | OK |
Version: 1.0
Check: installed package size
Result: NOTE
installed size is 6.7Mb
sub-directories of 1Mb or more:
libs 6.5Mb
Flavors: r-release-macos-arm64, r-release-macos-x86_64, r-oldrel-macos-arm64, r-oldrel-macos-x86_64