CRAN Package Check Results for Package SurvHiDim

Last updated on 2025-07-13 06:48:39 CEST.

Flavor Version Tinstall Tcheck Ttotal Status Flags
r-devel-linux-x86_64-debian-clang 0.1.1 12.10 102.69 114.79 OK
r-devel-linux-x86_64-debian-gcc 0.1.1 8.61 70.93 79.54 OK
r-devel-linux-x86_64-fedora-clang 0.1.1 179.82 NOTE
r-devel-linux-x86_64-fedora-gcc 0.1.1 178.29 NOTE
r-devel-windows-x86_64 0.1.1 14.00 101.00 115.00 OK
r-patched-linux-x86_64 0.1.1 12.65 95.32 107.97 OK
r-release-linux-x86_64 0.1.1 11.03 93.62 104.65 OK
r-release-macos-arm64 0.1.1 50.00 OK
r-release-macos-x86_64 0.1.1 86.00 OK
r-release-windows-x86_64 0.1.1 14.00 100.00 114.00 OK
r-oldrel-macos-arm64 0.1.1 50.00 OK
r-oldrel-macos-x86_64 0.1.1 66.00 OK
r-oldrel-windows-x86_64 0.1.1 18.00 130.00 148.00 OK

Check Details

Version: 0.1.1
Check: dependencies in R code
Result: NOTE Namespace in Imports field not imported from: ‘readr’ All declared Imports should be used. Flavors: r-devel-linux-x86_64-fedora-clang, r-devel-linux-x86_64-fedora-gcc

mirror server hosted at Truenetwork, Russian Federation.