Last updated on 2025-11-24 11:50:21 CET.
| Flavor | Version | Tinstall | Tcheck | Ttotal | Status | Flags |
|---|---|---|---|---|---|---|
| r-devel-linux-x86_64-debian-clang | 2.0.0 | 2.99 | 30.33 | 33.32 | OK | |
| r-devel-linux-x86_64-debian-gcc | 2.0.0 | 2.12 | 23.88 | 26.00 | OK | |
| r-devel-linux-x86_64-fedora-clang | 2.0.0 | 49.18 | OK | |||
| r-devel-windows-x86_64 | 2.0.0 | 5.00 | 48.00 | 53.00 | OK | |
| r-patched-linux-x86_64 | 2.0.0 | 2.94 | 27.55 | 30.49 | OK | |
| r-release-linux-x86_64 | 2.0.0 | 2.89 | 27.53 | 30.42 | OK | |
| r-release-macos-arm64 | 2.0.0 | OK | ||||
| r-release-macos-x86_64 | 2.0.0 | 3.00 | 38.00 | 41.00 | OK | |
| r-release-windows-x86_64 | 2.0.0 | 5.00 | 64.00 | 69.00 | OK | |
| r-oldrel-macos-arm64 | 2.0.0 | NOTE | ||||
| r-oldrel-macos-x86_64 | 2.0.0 | 2.00 | 31.00 | 33.00 | NOTE | |
| r-oldrel-windows-x86_64 | 2.0.0 | 4.00 | 54.00 | 58.00 | NOTE |
Version: 2.0.0
Check: LazyData
Result: NOTE
'LazyData' is specified without a 'data' directory
Flavors: r-oldrel-macos-arm64, r-oldrel-macos-x86_64, r-oldrel-windows-x86_64