Last updated on 2025-11-02 11:50:38 CET.
| Flavor | Version | Tinstall | Tcheck | Ttotal | Status | Flags |
|---|---|---|---|---|---|---|
| r-devel-linux-x86_64-debian-clang | 0.1.3 | 10.45 | 89.87 | 100.32 | OK | |
| r-devel-linux-x86_64-debian-gcc | 0.1.3 | 6.16 | 63.66 | 69.82 | OK | |
| r-devel-linux-x86_64-fedora-clang | 0.1.3 | 40.00 | 121.44 | 161.44 | OK | |
| r-devel-linux-x86_64-fedora-gcc | 0.1.3 | 73.00 | 87.19 | 160.19 | OK | |
| r-devel-windows-x86_64 | 0.1.3 | 11.00 | 92.00 | 103.00 | OK | |
| r-patched-linux-x86_64 | 0.1.3 | 10.03 | 84.97 | 95.00 | OK | |
| r-release-linux-x86_64 | 0.1.3 | 0.25 | 1.78 | 2.03 | ERROR | |
| r-release-macos-arm64 | 0.1.3 | 4.00 | 31.00 | 35.00 | OK | |
| r-release-macos-x86_64 | 0.1.3 | 8.00 | 61.00 | 69.00 | OK | |
| r-release-windows-x86_64 | 0.1.3 | 12.00 | 91.00 | 103.00 | OK | |
| r-oldrel-macos-arm64 | 0.1.3 | 4.00 | 30.00 | 34.00 | OK | |
| r-oldrel-macos-x86_64 | 0.1.3 | 9.00 | 54.00 | 63.00 | OK | |
| r-oldrel-windows-x86_64 | 0.1.3 | 16.00 | 117.00 | 133.00 | OK |
Version: 0.1.3
Check: package dependencies
Result: ERROR
Package required but not available: ‘ggtree’
See section ‘The DESCRIPTION file’ in the ‘Writing R Extensions’
manual.
Flavor: r-release-linux-x86_64