CRAN Package Check Results for Package TNC

Last updated on 2025-11-03 11:49:55 CET.

Flavor Version Tinstall Tcheck Ttotal Status Flags
r-devel-linux-x86_64-debian-clang 0.1.0 2.23 24.23 26.46 OK
r-devel-linux-x86_64-debian-gcc 0.1.0 1.80 19.13 20.93 OK
r-devel-linux-x86_64-fedora-clang 0.1.0 38.21 OK
r-devel-linux-x86_64-fedora-gcc 0.1.0 36.93 OK
r-devel-windows-x86_64 0.1.0 3.00 76.00 79.00 OK
r-patched-linux-x86_64 0.1.0 2.41 22.89 25.30 OK
r-release-linux-x86_64 0.1.0 2.24 22.76 25.00 OK
r-release-macos-arm64 0.1.0 1.00 16.00 17.00 OK
r-release-macos-x86_64 0.1.0 2.00 27.00 29.00 OK
r-release-windows-x86_64 0.1.0 3.00 63.00 66.00 OK
r-oldrel-macos-arm64 0.1.0 1.00 15.00 16.00 NOTE
r-oldrel-macos-x86_64 0.1.0 2.00 24.00 26.00 NOTE
r-oldrel-windows-x86_64 0.1.0 4.00 50.00 54.00 NOTE

Check Details

Version: 0.1.0
Check: LazyData
Result: NOTE 'LazyData' is specified without a 'data' directory Flavors: r-oldrel-macos-arm64, r-oldrel-macos-x86_64, r-oldrel-windows-x86_64

mirror server hosted at Truenetwork, Russian Federation.