Last updated on 2025-11-24 11:50:22 CET.
| Flavor | Version | Tinstall | Tcheck | Ttotal | Status | Flags |
|---|---|---|---|---|---|---|
| r-devel-linux-x86_64-debian-clang | 0.1.0 | 2.21 | 21.96 | 24.17 | OK | |
| r-devel-linux-x86_64-debian-gcc | 0.1.0 | 1.75 | 17.56 | 19.31 | OK | |
| r-devel-linux-x86_64-fedora-clang | 0.1.0 | 35.72 | NOTE | |||
| r-devel-windows-x86_64 | 0.1.0 | 4.00 | 39.00 | 43.00 | OK | |
| r-patched-linux-x86_64 | 0.1.0 | 2.40 | 20.06 | 22.46 | OK | |
| r-release-linux-x86_64 | 0.1.0 | 2.13 | 20.50 | 22.63 | OK | |
| r-release-macos-arm64 | 0.1.0 | OK | ||||
| r-release-macos-x86_64 | 0.1.0 | 2.00 | 22.00 | 24.00 | OK | |
| r-release-windows-x86_64 | 0.1.0 | 3.00 | 84.00 | 87.00 | OK | |
| r-oldrel-macos-arm64 | 0.1.0 | OK | ||||
| r-oldrel-macos-x86_64 | 0.1.0 | 2.00 | 20.00 | 22.00 | OK | |
| r-oldrel-windows-x86_64 | 0.1.0 | 3.00 | 62.00 | 65.00 | OK |
Version: 0.1.0
Check: dependencies in R code
Result: NOTE
Namespace in Imports field not imported from: ‘stats’
All declared Imports should be used.
Flavor: r-devel-linux-x86_64-fedora-clang