CRAN Package Check Results for Package TSdist

Last updated on 2025-11-03 11:49:55 CET.

Flavor Version Tinstall Tcheck Ttotal Status Flags
r-devel-linux-x86_64-debian-clang 3.7.1 13.52 130.02 143.54 NOTE
r-devel-linux-x86_64-debian-gcc 3.7.1 10.84 105.36 116.20 NOTE
r-devel-linux-x86_64-fedora-clang 3.7.1 31.00 190.22 221.22 NOTE
r-devel-linux-x86_64-fedora-gcc 3.7.1 30.00 183.28 213.28 NOTE
r-devel-windows-x86_64 3.7.1 20.00 137.00 157.00 NOTE
r-patched-linux-x86_64 3.7.1 15.27 123.68 138.95 NOTE
r-release-linux-x86_64 3.7.1 13.47 122.67 136.14 NOTE
r-release-macos-arm64 3.7.1 12.00 73.00 85.00 NOTE
r-release-macos-x86_64 3.7.1 14.00 106.00 120.00 NOTE
r-release-windows-x86_64 3.7.1 19.00 334.00 353.00 NOTE
r-oldrel-macos-arm64 3.7.1 12.00 70.00 82.00 NOTE
r-oldrel-macos-x86_64 3.7.1 11.00 79.00 90.00 NOTE
r-oldrel-windows-x86_64 3.7.1 24.00 165.00 189.00 NOTE

Check Details

Version: 3.7.1
Check: CRAN incoming feasibility
Result: NOTE Maintainer: ‘Usue Mori <usue.mori@ehu.eus>’ Package CITATION file contains call(s) to old-style personList() or as.personList(). Please use c() on person objects instead. Package CITATION file contains call(s) to old-style citEntry(). Please use bibentry() instead. Flavors: r-devel-linux-x86_64-debian-clang, r-devel-linux-x86_64-debian-gcc

Version: 3.7.1
Check: Rd files
Result: NOTE checkRd: (-1) example.database2.Rd:18: Lost braces in \itemize; meant \describe ? checkRd: (-1) example.database2.Rd:19: Lost braces in \itemize; meant \describe ? checkRd: (-1) example.database3.Rd:18: Lost braces in \itemize; meant \describe ? checkRd: (-1) example.database3.Rd:19: Lost braces in \itemize; meant \describe ? Flavors: r-devel-linux-x86_64-debian-clang, r-devel-linux-x86_64-debian-gcc, r-devel-linux-x86_64-fedora-clang, r-devel-linux-x86_64-fedora-gcc, r-devel-windows-x86_64, r-patched-linux-x86_64, r-release-linux-x86_64, r-release-macos-arm64, r-release-macos-x86_64, r-release-windows-x86_64, r-oldrel-macos-arm64, r-oldrel-macos-x86_64, r-oldrel-windows-x86_64

mirror server hosted at Truenetwork, Russian Federation.