Last updated on 2025-11-04 05:51:28 CET.
| Flavor | Version | Tinstall | Tcheck | Ttotal | Status | Flags | 
|---|---|---|---|---|---|---|
| r-devel-linux-x86_64-debian-clang | 1.2.1 | 3.94 | 35.39 | 39.33 | NOTE | |
| r-devel-linux-x86_64-debian-gcc | 1.2.1 | 2.75 | 27.15 | 29.90 | NOTE | |
| r-devel-linux-x86_64-fedora-clang | 1.2.1 | 58.78 | NOTE | |||
| r-devel-linux-x86_64-fedora-gcc | 1.2.1 | 55.71 | NOTE | |||
| r-devel-windows-x86_64 | 1.2.1 | 8.00 | 52.00 | 60.00 | NOTE | |
| r-patched-linux-x86_64 | 1.2.1 | 3.70 | 33.42 | 37.12 | NOTE | |
| r-release-linux-x86_64 | 1.2.1 | 3.22 | 33.97 | 37.19 | NOTE | |
| r-release-macos-arm64 | 1.2.1 | 2.00 | 24.00 | 26.00 | NOTE | |
| r-release-macos-x86_64 | 1.2.1 | 3.00 | 34.00 | 37.00 | NOTE | |
| r-release-windows-x86_64 | 1.2.1 | 6.00 | 71.00 | 77.00 | NOTE | |
| r-oldrel-macos-arm64 | 1.2.1 | 2.00 | 19.00 | 21.00 | OK | |
| r-oldrel-macos-x86_64 | 1.2.1 | 3.00 | 29.00 | 32.00 | OK | |
| r-oldrel-windows-x86_64 | 1.2.1 | 7.00 | 60.00 | 67.00 | OK | 
Version: 1.2.1
Check: DESCRIPTION meta-information
Result: NOTE
    Missing dependency on R >= 4.1.0 because package code uses the pipe
    |> or function shorthand \(...) syntax added in R 4.1.0.
    File(s) using such syntax:
      ‘TaylorRussell.Rd’
Flavors: r-devel-linux-x86_64-debian-clang, r-devel-linux-x86_64-debian-gcc, r-devel-linux-x86_64-fedora-clang, r-devel-linux-x86_64-fedora-gcc, r-devel-windows-x86_64, r-patched-linux-x86_64, r-release-linux-x86_64, r-release-macos-arm64, r-release-macos-x86_64, r-release-windows-x86_64