Last updated on 2025-05-10 12:49:57 CEST.
Flavor | Version | Tinstall | Tcheck | Ttotal | Status | Flags |
---|---|---|---|---|---|---|
r-devel-linux-x86_64-debian-clang | 2.13 | 12.65 | 83.71 | 96.36 | NOTE | |
r-devel-linux-x86_64-debian-gcc | 2.13 | 8.77 | 55.31 | 64.08 | NOTE | |
r-devel-linux-x86_64-fedora-clang | 2.13 | 150.84 | OK | |||
r-devel-linux-x86_64-fedora-gcc | 2.13 | 140.73 | OK | |||
r-devel-windows-x86_64 | 2.13 | 14.00 | 109.00 | 123.00 | OK | |
r-patched-linux-x86_64 | 2.13 | 14.19 | 78.68 | 92.87 | OK | |
r-release-linux-x86_64 | 2.13 | 12.74 | 77.24 | 89.98 | OK | |
r-release-macos-arm64 | 2.13 | 38.00 | OK | |||
r-release-macos-x86_64 | 2.13 | 141.00 | OK | |||
r-release-windows-x86_64 | 2.13 | 15.00 | 214.00 | 229.00 | OK | |
r-oldrel-macos-arm64 | 2.13 | 40.00 | NOTE | |||
r-oldrel-macos-x86_64 | 2.13 | 106.00 | NOTE | |||
r-oldrel-windows-x86_64 | 2.13 | 17.00 | 279.00 | 296.00 | OK |
Version: 2.13
Check: CRAN incoming feasibility
Result: NOTE
Maintainer: ‘Greg Snow <538280@gmail.com>’
No Authors@R field in DESCRIPTION.
Please add one, modifying
Authors@R: person(given = "Greg",
family = "Snow",
role = c("aut", "cre"),
email = "538280@gmail.com")
as necessary.
Flavors: r-devel-linux-x86_64-debian-clang, r-devel-linux-x86_64-debian-gcc
Version: 2.13
Check: package dependencies
Result: NOTE
Package which this enhances but not available for checking: ‘R2wd’
Flavors: r-oldrel-macos-arm64, r-oldrel-macos-x86_64