CRAN Package Check Results for Package TensorClustering

Last updated on 2025-05-08 18:51:46 CEST.

Flavor Version Tinstall Tcheck Ttotal Status Flags
r-devel-linux-x86_64-debian-clang 1.0.2 6.50 39.92 46.42 OK
r-devel-linux-x86_64-debian-gcc 1.0.2 4.42 30.59 35.01 OK
r-devel-linux-x86_64-fedora-clang 1.0.2 70.98 NOTE
r-devel-linux-x86_64-fedora-gcc 1.0.2 67.81 NOTE
r-devel-windows-x86_64 1.0.2 10.00 57.00 67.00 OK
r-patched-linux-x86_64 1.0.2 5.76 36.84 42.60 OK
r-release-linux-x86_64 1.0.2 5.34 36.29 41.63 OK
r-release-macos-arm64 1.0.2 32.00 OK
r-release-macos-x86_64 1.0.2 47.00 OK
r-release-windows-x86_64 1.0.2 10.00 62.00 72.00 OK
r-oldrel-macos-arm64 1.0.2 25.00 OK
r-oldrel-macos-x86_64 1.0.2 38.00 OK
r-oldrel-windows-x86_64 1.0.2 12.00 71.00 83.00 OK

Check Details

Version: 1.0.2
Check: dependencies in R code
Result: NOTE Namespace in Imports field not imported from: ‘Rcpp’ All declared Imports should be used. Flavors: r-devel-linux-x86_64-fedora-clang, r-devel-linux-x86_64-fedora-gcc

mirror server hosted at Truenetwork, Russian Federation.