CRAN Package Check Results for Package TestScorer

Last updated on 2025-05-29 07:50:03 CEST.

Flavor Version Tinstall Tcheck Ttotal Status Flags
r-devel-linux-x86_64-debian-clang 1.7.2 5.04 27.41 32.45 NOTE
r-devel-linux-x86_64-debian-gcc 1.7.2 3.31 21.75 25.06 NOTE
r-devel-linux-x86_64-fedora-clang 1.7.2 51.90 OK
r-devel-linux-x86_64-fedora-gcc 1.7.2 55.54 OK
r-devel-windows-x86_64 1.7.2 5.00 45.00 50.00 OK
r-patched-linux-x86_64 1.7.2 4.26 25.50 29.76 OK
r-release-linux-x86_64 1.7.2 4.67 26.13 30.80 OK
r-release-macos-arm64 1.7.2 29.00 OK
r-release-macos-x86_64 1.7.2 38.00 OK
r-release-windows-x86_64 1.7.2 6.00 45.00 51.00 OK
r-oldrel-macos-arm64 1.7.2 24.00 OK
r-oldrel-macos-x86_64 1.7.2 31.00 OK
r-oldrel-windows-x86_64 1.7.2 4.00 43.00 47.00 OK

Check Details

Version: 1.7.2
Check: CRAN incoming feasibility
Result: NOTE Maintainer: ‘Manel Salamero <manelsalamero@gmail.com>’ No Authors@R field in DESCRIPTION. Please add one, modifying Authors@R: person(given = "Manel", family = "Salamero", role = c("aut", "cre"), email = "manelsalamero@gmail.com") as necessary. Flavors: r-devel-linux-x86_64-debian-clang, r-devel-linux-x86_64-debian-gcc

mirror server hosted at Truenetwork, Russian Federation.