CRAN Package Check Results for Package TideHarmonics

Last updated on 2025-05-19 18:50:43 CEST.

Flavor Version Tinstall Tcheck Ttotal Status Flags
r-devel-linux-x86_64-debian-clang 0.1-1 3.41 72.70 76.11 NOTE
r-devel-linux-x86_64-debian-gcc 0.1-1 2.42 48.63 51.05 NOTE
r-devel-linux-x86_64-fedora-clang 0.1-1 121.17 OK
r-devel-linux-x86_64-fedora-gcc 0.1-1 132.76 OK
r-devel-windows-x86_64 0.1-1 5.00 101.00 106.00 OK
r-patched-linux-x86_64 0.1-1 3.34 68.72 72.06 OK
r-release-linux-x86_64 0.1-1 3.05 68.92 71.97 OK
r-release-macos-arm64 0.1-1 50.00 OK
r-release-macos-x86_64 0.1-1 78.00 OK
r-release-windows-x86_64 0.1-1 5.00 102.00 107.00 OK
r-oldrel-macos-arm64 0.1-1 39.00 OK
r-oldrel-macos-x86_64 0.1-1 62.00 OK
r-oldrel-windows-x86_64 0.1-1 4.00 97.00 101.00 OK

Check Details

Version: 0.1-1
Check: CRAN incoming feasibility
Result: NOTE Maintainer: ‘Alec Stephenson <alec_stephenson@hotmail.com>’ No Authors@R field in DESCRIPTION. Please add one, modifying Authors@R: c(person(given = "Alec", family = "Stephenson.", role = "aut"), person(given = "Alec", family = "Stephenson", role = "cre", email = "alec_stephenson@hotmail.com")) as necessary. Package CITATION file contains call(s) to old-style citEntry(). Please use bibentry() instead. Flavors: r-devel-linux-x86_64-debian-clang, r-devel-linux-x86_64-debian-gcc

mirror server hosted at Truenetwork, Russian Federation.