Last updated on 2025-11-24 11:50:22 CET.
| Flavor | Version | Tinstall | Tcheck | Ttotal | Status | Flags |
|---|---|---|---|---|---|---|
| r-devel-linux-x86_64-debian-clang | 2.4 | 4.88 | 46.25 | 51.13 | NOTE | |
| r-devel-linux-x86_64-debian-gcc | 2.4 | 4.06 | 34.33 | 38.39 | NOTE | |
| r-devel-linux-x86_64-fedora-clang | 2.4 | 11.00 | 70.37 | 81.37 | OK | |
| r-devel-windows-x86_64 | 2.4 | 11.00 | 66.00 | 77.00 | OK | |
| r-patched-linux-x86_64 | 2.4 | 4.91 | 43.51 | 48.42 | OK | |
| r-release-linux-x86_64 | 2.4 | 4.60 | 43.01 | 47.61 | OK | |
| r-release-macos-arm64 | 2.4 | OK | ||||
| r-release-macos-x86_64 | 2.4 | 5.00 | 45.00 | 50.00 | OK | |
| r-release-windows-x86_64 | 2.4 | 10.00 | 273.00 | 283.00 | OK | |
| r-oldrel-macos-arm64 | 2.4 | OK | ||||
| r-oldrel-macos-x86_64 | 2.4 | 4.00 | 37.00 | 41.00 | OK | |
| r-oldrel-windows-x86_64 | 2.4 | 11.00 | 107.00 | 118.00 | OK |
Version: 2.4
Check: CRAN incoming feasibility
Result: NOTE
Maintainer: ‘Josef Leydold <josef.leydold@wu.ac.at>’
No Authors@R field in DESCRIPTION.
Please add one, modifying
Authors@R: c(person(given = "Josef",
family = "Leydold",
role = c("aut", "cre"),
email = "josef.leydold@wu.ac.at"),
person(given = "Carsten",
family = "Botts",
role = "aut"),
person(given = "Wolfgang",
family = "H\\\"ormann",
role = "aut"))
as necessary.
Flavors: r-devel-linux-x86_64-debian-clang, r-devel-linux-x86_64-debian-gcc