CRAN Package Check Results for Package Tinflex

Last updated on 2025-07-12 18:49:56 CEST.

Flavor Version Tinstall Tcheck Ttotal Status Flags
r-devel-linux-x86_64-debian-clang 2.4 4.67 45.42 50.09 NOTE
r-devel-linux-x86_64-debian-gcc 2.4 3.88 33.61 37.49 NOTE
r-devel-linux-x86_64-fedora-clang 2.4 78.43 OK
r-devel-linux-x86_64-fedora-gcc 2.4 77.00 OK
r-devel-windows-x86_64 2.4 8.00 67.00 75.00 OK
r-patched-linux-x86_64 2.4 5.08 41.79 46.87 OK
r-release-linux-x86_64 2.4 4.33 42.10 46.43 OK
r-release-macos-arm64 2.4 27.00 OK
r-release-macos-x86_64 2.4 50.00 OK
r-release-windows-x86_64 2.4 8.00 71.00 79.00 OK
r-oldrel-macos-arm64 2.4 31.00 OK
r-oldrel-macos-x86_64 2.4 41.00 OK
r-oldrel-windows-x86_64 2.4 9.00 72.00 81.00 OK

Check Details

Version: 2.4
Check: CRAN incoming feasibility
Result: NOTE Maintainer: ‘Josef Leydold <josef.leydold@wu.ac.at>’ No Authors@R field in DESCRIPTION. Please add one, modifying Authors@R: c(person(given = "Josef", family = "Leydold", role = c("aut", "cre"), email = "josef.leydold@wu.ac.at"), person(given = "Carsten", family = "Botts", role = "aut"), person(given = "Wolfgang", family = "H\\\"ormann", role = "aut")) as necessary. Flavors: r-devel-linux-x86_64-debian-clang, r-devel-linux-x86_64-debian-gcc

mirror server hosted at Truenetwork, Russian Federation.