Last updated on 2025-11-04 05:51:28 CET.
| Flavor | Version | Tinstall | Tcheck | Ttotal | Status | Flags | 
|---|---|---|---|---|---|---|
| r-devel-linux-x86_64-debian-clang | 2.5 | 10.55 | 86.05 | 96.60 | NOTE | |
| r-devel-linux-x86_64-debian-gcc | 2.5 | 7.02 | 62.42 | 69.44 | NOTE | |
| r-devel-linux-x86_64-fedora-clang | 2.5 | 23.00 | 127.16 | 150.16 | OK | |
| r-devel-linux-x86_64-fedora-gcc | 2.5 | 22.00 | 144.09 | 166.09 | OK | |
| r-devel-windows-x86_64 | 2.5 | 12.00 | 90.00 | 102.00 | OK | |
| r-patched-linux-x86_64 | 2.5 | 8.99 | 82.89 | 91.88 | OK | |
| r-release-linux-x86_64 | 2.5 | 8.61 | 81.78 | 90.39 | OK | |
| r-release-macos-arm64 | 2.5 | 6.00 | 58.00 | 64.00 | OK | |
| r-release-macos-x86_64 | 2.5 | 10.00 | 96.00 | 106.00 | OK | |
| r-release-windows-x86_64 | 2.5 | 13.00 | 89.00 | 102.00 | OK | |
| r-oldrel-macos-arm64 | 2.5 | 5.00 | 42.00 | 47.00 | OK | |
| r-oldrel-macos-x86_64 | 2.5 | 8.00 | 66.00 | 74.00 | OK | |
| r-oldrel-windows-x86_64 | 2.5 | 17.00 | 115.00 | 132.00 | OK | 
Version: 2.5
Check: CRAN incoming feasibility
Result: NOTE
  Maintainer: ‘Oskar Hagen <oskar.hagen@outlook.com>’
  
  No Authors@R field in DESCRIPTION.
  Please add one, modifying
    Authors@R: c(person(given = "Oskar",
                        family = "Hagen",
                        role = c("aut", "cre"),
                        email = "oskar.hagen@outlook.com"),
                 person(given = "Tanja",
                        family = "Stadler",
                        role = "aut"))
  as necessary.
Flavors: r-devel-linux-x86_64-debian-clang, r-devel-linux-x86_64-debian-gcc