Last updated on 2025-05-23 18:50:43 CEST.
Flavor | Version | Tinstall | Tcheck | Ttotal | Status | Flags |
---|---|---|---|---|---|---|
r-devel-linux-x86_64-debian-clang | 0.1 | 2.42 | 26.29 | 28.71 | NOTE | |
r-devel-linux-x86_64-debian-gcc | 0.1 | 2.28 | 20.80 | 23.08 | NOTE | |
r-devel-linux-x86_64-fedora-clang | 0.1 | 47.08 | OK | |||
r-devel-linux-x86_64-fedora-gcc | 0.1 | 45.05 | OK | |||
r-devel-windows-x86_64 | 0.1 | 5.00 | 82.00 | 87.00 | OK | |
r-patched-linux-x86_64 | 0.1 | 2.66 | 25.69 | 28.35 | OK | |
r-release-linux-x86_64 | 0.1 | 2.76 | 25.08 | 27.84 | OK | |
r-release-macos-arm64 | 0.1 | 22.00 | OK | |||
r-release-macos-x86_64 | 0.1 | 36.00 | OK | |||
r-release-windows-x86_64 | 0.1 | 4.00 | 69.00 | 73.00 | OK | |
r-oldrel-macos-arm64 | 0.1 | 19.00 | OK | |||
r-oldrel-macos-x86_64 | 0.1 | 26.00 | OK | |||
r-oldrel-windows-x86_64 | 0.1 | 4.00 | 52.00 | 56.00 | OK |
Version: 0.1
Check: CRAN incoming feasibility
Result: NOTE
Maintainer: ‘Alexander Yermanos <ayermanos@gmail.com>’
No Authors@R field in DESCRIPTION.
Please add one, modifying
Authors@R: person(given = "Alexander",
family = "Yermanos",
role = c("aut", "cre"),
email = "ayermanos@gmail.com")
as necessary.
Flavors: r-devel-linux-x86_64-debian-clang, r-devel-linux-x86_64-debian-gcc