Last updated on 2025-11-04 05:51:29 CET.
| Flavor | Version | Tinstall | Tcheck | Ttotal | Status | Flags | 
|---|---|---|---|---|---|---|
| r-devel-linux-x86_64-debian-clang | 1.0 | 33.41 | 494.09 | 527.50 | OK | |
| r-devel-linux-x86_64-debian-gcc | 1.0 | 24.09 | 394.82 | 418.91 | OK | |
| r-devel-linux-x86_64-fedora-clang | 1.0 | 160.00 | 697.94 | 857.94 | OK | |
| r-devel-linux-x86_64-fedora-gcc | 1.0 | 71.00 | 728.15 | 799.15 | OK | |
| r-devel-windows-x86_64 | 1.0 | 33.00 | 412.00 | 445.00 | OK | |
| r-patched-linux-x86_64 | 1.0 | 0.33 | 1.85 | 2.18 | ERROR | |
| r-release-linux-x86_64 | 1.0 | 34.90 | 473.22 | 508.12 | OK | |
| r-release-macos-arm64 | 1.0 | 15.00 | 196.00 | 211.00 | OK | |
| r-release-macos-x86_64 | 1.0 | 42.00 | 369.00 | 411.00 | OK | |
| r-release-windows-x86_64 | 1.0 | 33.00 | 418.00 | 451.00 | OK | |
| r-oldrel-macos-arm64 | 1.0 | 14.00 | 204.00 | 218.00 | OK | |
| r-oldrel-macos-x86_64 | 1.0 | 27.00 | 413.00 | 440.00 | OK | |
| r-oldrel-windows-x86_64 | 1.0 | 44.00 | 570.00 | 614.00 | OK | 
Version: 1.0
Check: package dependencies
Result: ERROR
  Package required but not available: ‘SummarizedExperiment’
  
  See section ‘The DESCRIPTION file’ in the ‘Writing R Extensions’
  manual.
Flavor: r-patched-linux-x86_64