CRAN Package Check Results for Package Visualize.CRAN.Downloads

Last updated on 2025-11-03 11:49:56 CET.

Flavor Version Tinstall Tcheck Ttotal Status Flags
r-devel-linux-x86_64-debian-clang 1.0.3 7.43 64.26 71.69 NOTE
r-devel-linux-x86_64-debian-gcc 1.0.3 5.34 47.32 52.66 NOTE
r-devel-linux-x86_64-fedora-clang 1.0.3 16.00 93.17 109.17 OK
r-devel-linux-x86_64-fedora-gcc 1.0.3 16.00 102.61 118.61 OK
r-devel-windows-x86_64 1.0.3 9.00 80.00 89.00 OK
r-patched-linux-x86_64 1.0.3 6.59 59.48 66.07 OK
r-release-linux-x86_64 1.0.3 7.71 60.06 67.77 OK
r-release-macos-arm64 1.0.3 3.00 44.00 47.00 OK
r-release-macos-x86_64 1.0.3 6.00 65.00 71.00 OK
r-release-windows-x86_64 1.0.3 10.00 79.00 89.00 OK
r-oldrel-macos-arm64 1.0.3 3.00 40.00 43.00 OK
r-oldrel-macos-x86_64 1.0.3 5.00 56.00 61.00 OK
r-oldrel-windows-x86_64 1.0.3 14.00 99.00 113.00 OK

Check Details

Version: 1.0.3
Check: CRAN incoming feasibility
Result: NOTE Maintainer: ‘Marcelo Ponce <m.ponce@utoronto.ca>’ No Authors@R field in DESCRIPTION. Please add one, modifying Authors@R: person(given = "Marcelo", family = "Ponce", role = c("aut", "cre"), email = "m.ponce@utoronto.ca") as necessary. Flavors: r-devel-linux-x86_64-debian-clang, r-devel-linux-x86_64-debian-gcc

mirror server hosted at Truenetwork, Russian Federation.