Last updated on 2025-11-22 17:49:46 CET.
| Flavor | Version | Tinstall | Tcheck | Ttotal | Status | Flags |
|---|---|---|---|---|---|---|
| r-devel-linux-x86_64-debian-clang | 1.1.0 | 8.78 | 67.36 | 76.14 | NOTE | |
| r-devel-linux-x86_64-debian-gcc | 1.1.0 | 6.61 | 49.57 | 56.18 | NOTE | |
| r-devel-linux-x86_64-fedora-clang | 1.1.0 | 19.00 | 98.35 | 117.35 | NOTE | |
| r-devel-windows-x86_64 | 1.1.0 | 12.00 | 72.00 | 84.00 | NOTE | |
| r-patched-linux-x86_64 | 1.1.0 | 8.71 | 63.91 | 72.62 | NOTE | |
| r-release-linux-x86_64 | 1.1.0 | 8.65 | 65.31 | 73.96 | NOTE | |
| r-release-macos-arm64 | 1.1.0 | NOTE | ||||
| r-release-macos-x86_64 | 1.1.0 | 8.00 | 69.00 | 77.00 | NOTE | |
| r-release-windows-x86_64 | 1.1.0 | 10.00 | 72.00 | 82.00 | NOTE | |
| r-oldrel-macos-arm64 | 1.1.0 | NOTE | ||||
| r-oldrel-macos-x86_64 | 1.1.0 | 6.00 | 51.00 | 57.00 | NOTE | |
| r-oldrel-windows-x86_64 | 1.1.0 | 13.00 | 92.00 | 105.00 | NOTE |
Version: 1.1.0
Check: CRAN incoming feasibility
Result: NOTE
Maintainer: ‘Ronan Trépos <ronan.trepos@inrae.fr>’
No Authors@R field in DESCRIPTION.
Please add one, modifying
Authors@R: c(person(given = "Denis",
family = "Allard",
role = c("aut", "cre")),
person(given = "Ronan",
family = "Trépos",
role = c("aut", "cre"),
email = "ronan.trepos@inrae.fr"))
as necessary.
Flavors: r-devel-linux-x86_64-debian-clang, r-devel-linux-x86_64-debian-gcc
Version: 1.1.0
Check: Rd files
Result: NOTE
checkRd: (-1) WACS.Rd:18: Lost braces in \itemize; meant \describe ?
checkRd: (-1) WACS.Rd:19: Lost braces in \itemize; meant \describe ?
checkRd: (-1) WACS.Rd:20: Lost braces in \itemize; meant \describe ?
checkRd: (-1) WACS.Rd:21: Lost braces in \itemize; meant \describe ?
checkRd: (-1) WACS.Rd:22: Lost braces in \itemize; meant \describe ?
checkRd: (-1) WACS.Rd:23: Lost braces in \itemize; meant \describe ?
checkRd: (-1) WACS.Rd:24: Lost braces in \itemize; meant \describe ?
checkRd: (-1) WACS.Rd:36-37: Lost braces in \itemize; meant \describe ?
checkRd: (-1) WACS.Rd:38-39: Lost braces in \itemize; meant \describe ?
checkRd: (-1) WACSreadAgroclim.Rd:15: Lost braces in \itemize; \value handles \item{}{} directly
checkRd: (-1) WACSreadAgroclim.Rd:16-17: Lost braces in \itemize; \value handles \item{}{} directly
Flavors: r-devel-linux-x86_64-debian-clang, r-devel-linux-x86_64-debian-gcc, r-devel-linux-x86_64-fedora-clang, r-devel-windows-x86_64, r-patched-linux-x86_64, r-release-linux-x86_64, r-release-macos-arm64, r-release-macos-x86_64, r-release-windows-x86_64, r-oldrel-macos-arm64, r-oldrel-macos-x86_64, r-oldrel-windows-x86_64