CRAN Package Check Results for Package WindCurves

Last updated on 2025-05-21 06:49:53 CEST.

Flavor Version Tinstall Tcheck Ttotal Status Flags
r-devel-linux-x86_64-debian-clang 0.2 2.22 27.47 29.69 NOTE
r-devel-linux-x86_64-debian-gcc 0.2 1.48 22.49 23.97 NOTE
r-devel-linux-x86_64-fedora-clang 0.2 46.16 OK
r-devel-linux-x86_64-fedora-gcc 0.2 58.03 OK
r-devel-windows-x86_64 0.2 3.00 56.00 59.00 OK
r-patched-linux-x86_64 0.2 2.33 26.36 28.69 OK
r-release-linux-x86_64 0.2 2.20 26.59 28.79 OK
r-release-macos-arm64 0.2 33.00 OK
r-release-macos-x86_64 0.2 44.00 OK
r-release-windows-x86_64 0.2 3.00 54.00 57.00 OK
r-oldrel-macos-arm64 0.2 23.00 OK
r-oldrel-macos-x86_64 0.2 35.00 OK
r-oldrel-windows-x86_64 0.2 4.00 52.00 56.00 OK

Check Details

Version: 0.2
Check: CRAN incoming feasibility
Result: NOTE Maintainer: ‘Neeraj Bokde <neerajdhanraj@gmail.com>’ No Authors@R field in DESCRIPTION. Please add one, modifying Authors@R: c(person(given = "Neeraj", family = "Bokde", role = c("aut", "cre"), email = "neerajdhanraj@gmail.com"), person(given = "Andres", family = "Feijoo", role = "aut")) as necessary. Package CITATION file contains call(s) to old-style personList() or as.personList(). Please use c() on person objects instead. Package CITATION file contains call(s) to old-style citEntry(). Please use bibentry() instead. Flavors: r-devel-linux-x86_64-debian-clang, r-devel-linux-x86_64-debian-gcc

mirror server hosted at Truenetwork, Russian Federation.