Last updated on 2025-07-13 00:48:44 CEST.
Flavor | Version | Tinstall | Tcheck | Ttotal | Status | Flags |
---|---|---|---|---|---|---|
r-devel-linux-x86_64-debian-clang | 0.7.2 | 6.30 | 31.93 | 38.23 | NOTE | |
r-devel-linux-x86_64-debian-gcc | 0.7.2 | 4.03 | 24.96 | 28.99 | NOTE | |
r-devel-linux-x86_64-fedora-clang | 0.7.2 | 60.07 | OK | |||
r-devel-linux-x86_64-fedora-gcc | 0.7.2 | 56.33 | OK | |||
r-devel-windows-x86_64 | 0.7.2 | 8.00 | 53.00 | 61.00 | OK | |
r-patched-linux-x86_64 | 0.7.2 | 6.95 | 30.05 | 37.00 | OK | |
r-release-linux-x86_64 | 0.7.2 | 6.12 | 29.82 | 35.94 | OK | |
r-release-macos-arm64 | 0.7.2 | 20.00 | OK | |||
r-release-macos-x86_64 | 0.7.2 | 38.00 | OK | |||
r-release-windows-x86_64 | 0.7.2 | 7.00 | 56.00 | 63.00 | OK | |
r-oldrel-macos-arm64 | 0.7.2 | 20.00 | OK | |||
r-oldrel-macos-x86_64 | 0.7.2 | 29.00 | OK | |||
r-oldrel-windows-x86_64 | 0.7.2 | 8.00 | 58.00 | 66.00 | OK |
Version: 0.7.2
Check: CRAN incoming feasibility
Result: NOTE
Maintainer: ‘John Chambers <jmc@r-project.org>’
No Authors@R field in DESCRIPTION.
Please add one, modifying
Authors@R: c(person(given = c("John", "M."),
family = "Chambers",
role = "aut"),
person(given = "John",
family = "Chambers",
role = "cre",
email = "jmc@r-project.org"))
as necessary.
Flavors: r-devel-linux-x86_64-debian-clang, r-devel-linux-x86_64-debian-gcc