Last updated on 2025-10-25 06:50:00 CEST.
| Flavor | Version | Tinstall | Tcheck | Ttotal | Status | Flags |
|---|---|---|---|---|---|---|
| r-devel-linux-x86_64-debian-clang | 1.5.5 | 28.44 | 187.16 | 215.60 | NOTE | |
| r-devel-linux-x86_64-debian-gcc | 1.5.5 | 18.92 | 124.42 | 143.34 | NOTE | |
| r-devel-linux-x86_64-fedora-clang | 1.5.5 | 112.00 | 245.18 | 357.18 | OK | |
| r-devel-linux-x86_64-fedora-gcc | 1.5.5 | 135.00 | 207.28 | 342.28 | NOTE | |
| r-devel-windows-x86_64 | 1.5.5 | 29.00 | 164.00 | 193.00 | OK | |
| r-patched-linux-x86_64 | 1.5.5 | 27.42 | 171.15 | 198.57 | OK | |
| r-release-linux-x86_64 | 1.5.5 | 29.39 | 175.61 | 205.00 | OK | |
| r-release-macos-arm64 | 1.5.5 | 11.00 | 64.00 | 75.00 | OK | |
| r-release-macos-x86_64 | 1.5.5 | 23.00 | 103.00 | 126.00 | OK | |
| r-release-windows-x86_64 | 1.5.5 | 28.00 | 164.00 | 192.00 | OK | |
| r-oldrel-macos-arm64 | 1.5.5 | 7.00 | 217.00 | 224.00 | OK | |
| r-oldrel-macos-x86_64 | 1.5.5 | 13.00 | 254.00 | 267.00 | OK | |
| r-oldrel-windows-x86_64 | 1.5.5 | 41.00 | 220.00 | 261.00 | OK |
Version: 1.5.5
Check: Rd files
Result: NOTE
checkRd: (-1) Xplortext-package.Rd:16-22: Only 2 columns allowed in this table (row 5 has 1)
Flavors: r-devel-linux-x86_64-debian-clang, r-devel-linux-x86_64-debian-gcc, r-devel-linux-x86_64-fedora-gcc